Last updated on 2024-08-31 22:49:33 CEST.
Flavor | Version | Tinstall | Tcheck | Ttotal | Status | Flags |
---|---|---|---|---|---|---|
r-devel-linux-x86_64-debian-clang | 0.0.2 | 9.55 | 79.21 | 88.76 | NOTE | |
r-devel-linux-x86_64-debian-gcc | 0.0.2 | 6.33 | 56.59 | 62.92 | NOTE | |
r-devel-linux-x86_64-fedora-clang | 0.0.2 | 150.94 | OK | |||
r-devel-linux-x86_64-fedora-gcc | 0.0.2 | 129.97 | OK | |||
r-devel-windows-x86_64 | 0.0.2 | 11.00 | 98.00 | 109.00 | NOTE | |
r-patched-linux-x86_64 | 0.0.2 | 14.87 | 73.21 | 88.08 | OK | |
r-release-linux-x86_64 | 0.0.2 | 8.73 | 73.37 | 82.10 | OK | |
r-release-macos-arm64 | 0.0.2 | 50.00 | OK | |||
r-release-macos-x86_64 | 0.0.2 | 70.00 | OK | |||
r-release-windows-x86_64 | 0.0.2 | 11.00 | 120.00 | 131.00 | OK | |
r-oldrel-macos-arm64 | 0.0.2 | 51.00 | OK | |||
r-oldrel-macos-x86_64 | 0.0.2 | 94.00 | OK | |||
r-oldrel-windows-x86_64 | 0.0.2 | 15.00 | 131.00 | 146.00 | OK |
Version: 0.0.2
Check: Rd cross-references
Result: NOTE
Found the following Rd file(s) with Rd \link{} targets missing package
anchors:
AICc_permanova2.Rd: adonis2
fit_models.Rd: vegdist, adonis2
Please provide package anchors for all Rd \link{} targets not in the
package itself and the base packages.
Flavors: r-devel-linux-x86_64-debian-clang, r-devel-linux-x86_64-debian-gcc, r-devel-windows-x86_64