Last updated on 2025-04-30 14:51:27 CEST.
Flavor | Version | Tinstall | Tcheck | Ttotal | Status | Flags |
---|---|---|---|---|---|---|
r-devel-linux-x86_64-debian-clang | 1.2.2 | 3.75 | 39.77 | 43.52 | NOTE | |
r-devel-linux-x86_64-debian-gcc | 1.2.2 | 2.58 | 29.64 | 32.22 | NOTE | |
r-devel-linux-x86_64-fedora-clang | 1.2.2 | 68.02 | OK | |||
r-devel-linux-x86_64-fedora-gcc | 1.2.2 | 79.62 | OK | |||
r-devel-windows-x86_64 | 1.2.2 | 5.00 | 70.00 | 75.00 | OK | |
r-patched-linux-x86_64 | 1.2.2 | 4.01 | 37.39 | 41.40 | OK | |
r-release-linux-x86_64 | 1.2.2 | 3.58 | 37.47 | 41.05 | OK | |
r-release-macos-arm64 | 1.2.2 | 30.00 | OK | |||
r-release-macos-x86_64 | 1.2.2 | 54.00 | OK | |||
r-release-windows-x86_64 | 1.2.2 | 6.00 | 69.00 | 75.00 | OK | |
r-oldrel-macos-arm64 | 1.2.2 | 33.00 | OK | |||
r-oldrel-macos-x86_64 | 1.2.2 | 42.00 | OK | |||
r-oldrel-windows-x86_64 | 1.2.2 | 5.00 | 73.00 | 78.00 | OK |
Version: 1.2.2
Check: CRAN incoming feasibility
Result: NOTE
Maintainer: ‘James E. Pustejovsky <jepusto@gmail.com>’
No Authors@R field in DESCRIPTION.
Please add one, modifying
Authors@R: c(person(given = c("James", "E."),
family = "Pustejovsky",
role = c("aut", "cre"),
email = "jepusto@gmail.com"),
person(given = c("with", "contributions", "from", "Daniel", "M."),
family = "Swan",
role = "aut"))
as necessary.
Flavors: r-devel-linux-x86_64-debian-clang, r-devel-linux-x86_64-debian-gcc