Last updated on 2025-04-29 09:51:45 CEST.
Flavor | Version | Tinstall | Tcheck | Ttotal | Status | Flags |
---|---|---|---|---|---|---|
r-devel-linux-x86_64-debian-clang | 1.1-2 | 23.94 | 187.85 | 211.79 | NOTE | |
r-devel-linux-x86_64-debian-gcc | 1.1-2 | 19.30 | 141.68 | 160.98 | OK | |
r-devel-linux-x86_64-fedora-clang | 1.1-2 | 364.25 | OK | |||
r-devel-linux-x86_64-fedora-gcc | 1.1-2 | 347.90 | OK | |||
r-devel-windows-x86_64 | 1.1-2 | 20.00 | 160.00 | 180.00 | OK | |
r-patched-linux-x86_64 | 1.1-2 | 23.66 | 176.19 | 199.85 | OK | |
r-release-linux-x86_64 | 1.1-2 | 22.15 | 177.05 | 199.20 | OK | |
r-release-macos-arm64 | 1.1-2 | 142.00 | OK | |||
r-release-macos-x86_64 | 1.1-2 | 164.00 | OK | |||
r-release-windows-x86_64 | 1.1-2 | 21.00 | 153.00 | 174.00 | OK | |
r-oldrel-macos-arm64 | 1.1-2 | 181.00 | OK | |||
r-oldrel-macos-x86_64 | 1.1-2 | 138.00 | OK | |||
r-oldrel-windows-x86_64 | 1.1-2 | 25.00 | 200.00 | 225.00 | OK |
Version: 1.1-2
Check: examples
Result: NOTE
Examples with CPU (user + system) or elapsed time > 5s
user system elapsed
shift.surf.ggplot 4.676 0.278 7.079
shift.moon.ggplot 3.870 0.243 5.113
shift.pie.ggplot 3.346 0.273 5.312
Flavor: r-devel-linux-x86_64-debian-clang