CRAN Package Check Results for Package AnanseSeurat

Last updated on 2025-04-30 00:49:36 CEST.

Flavor Version Tinstall Tcheck Ttotal Status Flags
r-devel-linux-x86_64-debian-clang 1.2.0 3.75 69.45 73.20 NOTE
r-devel-linux-x86_64-debian-gcc 1.2.0 2.38 48.33 50.71 NOTE
r-devel-linux-x86_64-fedora-clang 1.2.0 118.76 OK
r-devel-linux-x86_64-fedora-gcc 1.2.0 128.07 OK
r-devel-windows-x86_64 1.2.0 6.00 83.00 89.00 OK
r-patched-linux-x86_64 1.2.0 3.37 65.12 68.49 OK
r-release-linux-x86_64 1.2.0 3.67 63.94 67.61 OK
r-release-macos-arm64 1.2.0 38.00 OK
r-release-macos-x86_64 1.2.0 67.00 OK
r-release-windows-x86_64 1.2.0 6.00 85.00 91.00 OK
r-oldrel-macos-arm64 1.2.0 45.00 OK
r-oldrel-macos-x86_64 1.2.0 57.00 OK
r-oldrel-windows-x86_64 1.2.0 7.00 105.00 112.00 OK

Check Details

Version: 1.2.0
Check: examples
Result: NOTE Examples with CPU (user + system) or elapsed time > 5s user system elapsed DEGS_scANANSE 7.426 0.331 8.982 Flavor: r-devel-linux-x86_64-debian-clang

Version: 1.2.0
Check: examples
Result: NOTE Examples with CPU (user + system) or elapsed time > 5s user system elapsed DEGS_scANANSE 4.812 0.356 5.959 Flavor: r-devel-linux-x86_64-debian-gcc