Last updated on 2024-04-28 15:51:14 CEST.
Flavor | Version | Tinstall | Tcheck | Ttotal | Status | Flags |
---|---|---|---|---|---|---|
r-devel-linux-x86_64-debian-clang | 0.1.0 | 34.73 | 369.94 | 404.67 | NOTE | |
r-devel-linux-x86_64-debian-gcc | 0.1.0 | 28.53 | 259.60 | 288.13 | NOTE | |
r-devel-linux-x86_64-fedora-clang | 0.1.0 | 497.74 | NOTE | |||
r-devel-linux-x86_64-fedora-gcc | 0.1.0 | 520.36 | NOTE | |||
r-devel-windows-x86_64 | 0.1.0 | 27.00 | 218.00 | 245.00 | NOTE | |
r-patched-linux-x86_64 | 0.1.0 | 35.43 | 349.80 | 385.23 | NOTE | |
r-release-linux-x86_64 | 0.1.0 | 35.41 | 353.87 | 389.28 | OK | |
r-release-macos-arm64 | 0.1.0 | 124.00 | NOTE | |||
r-release-windows-x86_64 | 0.1.0 | 28.00 | 220.00 | 248.00 | NOTE | |
r-oldrel-macos-arm64 | 0.1.0 | 135.00 | OK | |||
r-oldrel-macos-x86_64 | 0.1.0 | 222.00 | OK | |||
r-oldrel-windows-x86_64 | 0.1.0 | 38.00 | 297.00 | 335.00 | OK |
Version: 0.1.0
Check: Rd files
Result: NOTE
checkRd: (-1) calcEto.Rd:63-64: Lost braces
63 | \code{ET.Daily:} {daily estimations of reference crop evapotranspiration
| ^
checkRd: (-1) calcEto.Rd:66-67: Lost braces
66 | \code{Ra.Daily:} {daily estimations of extraterristrial radiation
| ^
checkRd: (-1) calcEto.Rd:69-70: Lost braces
69 | \code{Slope.Daily:} {daily estimations of slope of vapour pressure curve
| ^
checkRd: (-1) calcEto.Rd:72: Lost braces; missing escapes or markup?
72 | \code{ET.type:} {type of the estimation obtained}
| ^
Flavors: r-devel-linux-x86_64-debian-clang, r-devel-linux-x86_64-debian-gcc, r-devel-linux-x86_64-fedora-clang, r-devel-linux-x86_64-fedora-gcc, r-devel-windows-x86_64, r-patched-linux-x86_64, r-release-macos-arm64, r-release-windows-x86_64