Last updated on 2023-12-04 22:57:32 CET.
Flavor | Version | Tinstall | Tcheck | Ttotal | Status | Flags |
---|---|---|---|---|---|---|
r-devel-linux-x86_64-debian-clang | 1.8 | 15.36 | 230.06 | 245.42 | NOTE | |
r-devel-linux-x86_64-debian-gcc | 1.8 | 11.71 | 172.74 | 184.45 | NOTE | |
r-devel-linux-x86_64-fedora-clang | 1.8 | 294.91 | NOTE | |||
r-devel-linux-x86_64-fedora-gcc | 1.8 | 320.07 | OK | |||
r-devel-windows-x86_64 | 1.8 | 15.00 | 215.00 | 230.00 | NOTE | |
r-patched-linux-x86_64 | 1.8 | 14.43 | 222.72 | 237.15 | OK | |
r-release-linux-x86_64 | 1.8 | 12.12 | 219.17 | 231.29 | OK | |
r-release-macos-arm64 | 1.8 | 100.00 | NOTE | |||
r-release-macos-x86_64 | 1.8 | 174.00 | NOTE | |||
r-release-windows-x86_64 | 1.8 | 20.00 | 261.00 | 281.00 | NOTE | |
r-oldrel-macos-arm64 | 1.8 | 84.00 | NOTE | |||
r-oldrel-macos-x86_64 | 1.8 | 126.00 | NOTE | |||
r-oldrel-windows-x86_64 | 1.8 | 20.00 | 251.00 | 271.00 | NOTE |
Version: 1.8
Check: Rd files
Result: NOTE
checkRd: (-1) MultiPhasesTransition.Rd:23: Lost braces
23 | code{position_minimum}.}
| ^
Flavors: r-devel-linux-x86_64-debian-clang, r-devel-linux-x86_64-debian-gcc
Version: 1.8
Check: installed package size
Result: NOTE
installed size is 7.2Mb
sub-directories of 1Mb or more:
doc 5.8Mb
Flavors: r-devel-linux-x86_64-fedora-clang, r-devel-windows-x86_64, r-release-macos-arm64, r-release-macos-x86_64, r-release-windows-x86_64, r-oldrel-macos-arm64, r-oldrel-macos-x86_64, r-oldrel-windows-x86_64
Version: 1.8
Check: Rd cross-references
Result: NOTE
Undeclared package ‘RCurl’ in Rd xrefs
Flavor: r-devel-linux-x86_64-fedora-clang