CRAN Package Check Results for Package Autoplotprotein

Last updated on 2024-03-02 00:53:19 CET.

Flavor Version Tinstall Tcheck Ttotal Status Flags
r-devel-linux-x86_64-debian-clang 1.1 5.18 44.74 49.92 NOTE
r-devel-linux-x86_64-debian-gcc 1.1 3.22 34.16 37.38 NOTE
r-devel-linux-x86_64-fedora-clang 1.1 60.27 NOTE
r-devel-linux-x86_64-fedora-gcc 1.1 60.56 NOTE
r-devel-windows-x86_64 1.1 5.00 60.00 65.00 OK
r-patched-linux-x86_64 1.1 4.64 43.15 47.79 OK
r-release-linux-x86_64 1.1 3.21 43.22 46.43 OK
r-release-macos-arm64 1.1 25.00 OK
r-release-macos-x86_64 1.1 31.00 OK
r-release-windows-x86_64 1.1 6.00 63.00 69.00 OK
r-oldrel-macos-arm64 1.1 24.00 OK
r-oldrel-windows-x86_64 1.1 7.00 70.00 77.00 OK

Check Details

Version: 1.1
Check: Rd files
Result: NOTE checkRd: (-1) Autoplotprotein-package.Rd:27: Lost braces 27 | code{\link{help}} | ^ checkRd: (-1) Autoplotprotein.Rd:25: Lost braces 25 | code{\link{help}} | ^ checkRd: (-1) data.Rd:22: Lost braces 22 | code{\link{help}} | ^ checkRd: (-1) domain_data.Rd:29: Lost braces 29 | code{\link{help}} | ^ checkRd: (-1) length_data.Rd:32: Lost braces 32 | code{\link{help}} | ^ checkRd: (-1) plotdomain.Rd:30: Lost braces 30 | code{\link{help}} | ^ checkRd: (-1) plotmutagensis.Rd:30: Lost braces 30 | code{\link{help}} | ^ checkRd: (-1) plotsite.Rd:30: Lost braces 30 | code{\link{help}} | ^ checkRd: (-1) site_data.Rd:30: Lost braces 30 | code{\link{help}} | ^ Flavors: r-devel-linux-x86_64-debian-clang, r-devel-linux-x86_64-debian-gcc, r-devel-linux-x86_64-fedora-clang, r-devel-linux-x86_64-fedora-gcc