Last updated on 2024-08-31 22:49:33 CEST.
Flavor | Version | Tinstall | Tcheck | Ttotal | Status | Flags |
---|---|---|---|---|---|---|
r-devel-linux-x86_64-debian-clang | 1.3.2 | 6.33 | 33.75 | 40.08 | NOTE | |
r-devel-linux-x86_64-debian-gcc | 1.3.2 | 4.29 | 25.60 | 29.89 | NOTE | |
r-devel-linux-x86_64-fedora-clang | 1.3.2 | 66.96 | NOTE | |||
r-devel-linux-x86_64-fedora-gcc | 1.3.2 | 77.95 | NOTE | |||
r-devel-windows-x86_64 | 1.3.2 | 8.00 | 60.00 | 68.00 | NOTE | |
r-patched-linux-x86_64 | 1.3.2 | 11.98 | 32.09 | 44.07 | OK | |
r-release-linux-x86_64 | 1.3.2 | 6.37 | 32.19 | 38.56 | OK | |
r-release-macos-arm64 | 1.3.2 | 33.00 | OK | |||
r-release-macos-x86_64 | 1.3.2 | 45.00 | OK | |||
r-release-windows-x86_64 | 1.3.2 | 8.00 | 62.00 | 70.00 | OK | |
r-oldrel-macos-arm64 | 1.3.2 | 31.00 | OK | |||
r-oldrel-macos-x86_64 | 1.3.2 | 44.00 | OK | |||
r-oldrel-windows-x86_64 | 1.3.2 | 10.00 | 62.00 | 72.00 | OK |
Version: 1.3.2
Check: Rd cross-references
Result: NOTE
Found the following Rd file(s) with Rd \link{} targets missing package
anchors:
aci.Rd: az_resource_group
acr.Rd: az_resource_group
aks.Rd: az_resource_group
create_aci.Rd: az_resource
create_acr.Rd: az_resource
Please provide package anchors for all Rd \link{} targets not in the
package itself and the base packages.
Flavors: r-devel-linux-x86_64-debian-clang, r-devel-linux-x86_64-debian-gcc, r-devel-windows-x86_64
Version: 1.3.2
Check: dependencies in R code
Result: NOTE
Namespace in Imports field not imported from: ‘openssl’
All declared Imports should be used.
Flavors: r-devel-linux-x86_64-fedora-clang, r-devel-linux-x86_64-fedora-gcc
Version: 1.3.2
Check: Rd cross-references
Result: NOTE
Undeclared package ‘AzureAuth’ in Rd xrefs
Flavor: r-devel-linux-x86_64-fedora-clang