Last updated on 2024-07-27 16:49:01 CEST.
Flavor | Version | Tinstall | Tcheck | Ttotal | Status | Flags |
---|---|---|---|---|---|---|
r-devel-linux-x86_64-debian-clang | 0.7.14 | 7.02 | 51.24 | 58.26 | NOTE | |
r-devel-linux-x86_64-debian-gcc | 0.7.14 | NOTE | ||||
r-devel-linux-x86_64-fedora-clang | 0.7.14 | 68.48 | OK | |||
r-devel-linux-x86_64-fedora-gcc | 0.7.14 | 64.74 | OK | |||
r-devel-windows-x86_64 | 0.7.14 | 6.00 | 56.00 | 62.00 | OK | |
r-patched-linux-x86_64 | 0.7.14 | NOTE | ||||
r-release-linux-x86_64 | 0.7.14 | 4.71 | 48.23 | 52.94 | NOTE | |
r-release-macos-arm64 | 0.7.14 | 29.00 | NOTE | |||
r-release-macos-x86_64 | 0.7.14 | 50.00 | NOTE | |||
r-release-windows-x86_64 | 0.7.14 | 11.00 | 72.00 | 83.00 | OK | |
r-oldrel-macos-arm64 | 0.7.14 | 41.00 | NOTE | |||
r-oldrel-macos-x86_64 | 0.7.14 | 58.00 | NOTE | |||
r-oldrel-windows-x86_64 | 0.7.14 | 7.00 | 68.00 | 75.00 | NOTE |
Version: 0.7.14
Check: package dependencies
Result: NOTE
Package suggested but not available for checking: ‘INLA’
Flavors: r-devel-linux-x86_64-debian-clang, r-devel-linux-x86_64-debian-gcc, r-patched-linux-x86_64, r-release-linux-x86_64, r-release-macos-arm64, r-release-macos-x86_64, r-oldrel-macos-arm64, r-oldrel-macos-x86_64, r-oldrel-windows-x86_64
Version: 0.7.14
Check: Rd cross-references
Result: NOTE
Package unavailable to check Rd xrefs: ‘INLA’
Flavors: r-devel-linux-x86_64-debian-clang, r-devel-linux-x86_64-debian-gcc, r-patched-linux-x86_64, r-release-linux-x86_64, r-release-macos-arm64, r-release-macos-x86_64, r-oldrel-macos-arm64, r-oldrel-macos-x86_64, r-oldrel-windows-x86_64