Last updated on 2025-04-30 06:51:13 CEST.
Flavor | Version | Tinstall | Tcheck | Ttotal | Status | Flags |
---|---|---|---|---|---|---|
r-devel-linux-x86_64-debian-clang | 0.0.7 | 218.67 | 117.77 | 336.44 | NOTE | |
r-devel-linux-x86_64-debian-gcc | 0.0.7 | 208.06 | 99.04 | 307.10 | NOTE | |
r-devel-linux-x86_64-fedora-clang | 0.0.7 | 525.07 | NOTE | |||
r-devel-linux-x86_64-fedora-gcc | 0.0.7 | 732.26 | NOTE | |||
r-devel-windows-x86_64 | 0.0.7 | 241.00 | 155.00 | 396.00 | NOTE | |
r-patched-linux-x86_64 | 0.0.7 | 267.04 | 132.98 | 400.02 | NOTE | |
r-release-linux-x86_64 | 0.0.7 | 263.43 | 132.41 | 395.84 | NOTE | |
r-release-macos-arm64 | 0.0.7 | 146.00 | NOTE | |||
r-release-macos-x86_64 | 0.0.7 | 331.00 | NOTE | |||
r-release-windows-x86_64 | 0.0.7 | 255.00 | 153.00 | 408.00 | NOTE | |
r-oldrel-macos-arm64 | 0.0.7 | 78.00 | NOTE | |||
r-oldrel-macos-x86_64 | 0.0.7 | 106.00 | NOTE | |||
r-oldrel-windows-x86_64 | 0.0.7 | 282.00 | 188.00 | 470.00 | OK |
Version: 0.0.7
Check: DESCRIPTION meta-information
Result: NOTE
Missing dependency on R >= 4.1.0 because package code uses the pipe
|> or function shorthand \(...) syntax added in R 4.1.0.
File(s) using such syntax:
‘sim_dat_one_trial_exp_covar.R’ ‘sim_dat_one_trial_exp_nocovar.R’
Flavors: r-devel-linux-x86_64-debian-clang, r-devel-linux-x86_64-debian-gcc, r-devel-linux-x86_64-fedora-clang, r-devel-linux-x86_64-fedora-gcc, r-devel-windows-x86_64, r-patched-linux-x86_64, r-release-linux-x86_64, r-release-macos-arm64, r-release-macos-x86_64, r-release-windows-x86_64
Version: 0.0.7
Check: installed package size
Result: NOTE
installed size is 52.7Mb
sub-directories of 1Mb or more:
libs 52.3Mb
Flavors: r-oldrel-macos-arm64, r-oldrel-macos-x86_64
Version: 0.0.7
Check: for GNU extensions in Makefiles
Result: NOTE
GNU make is a SystemRequirements.
Flavors: r-oldrel-macos-arm64, r-oldrel-macos-x86_64