Last updated on 2024-04-20 12:50:52 CEST.
Flavor | Version | Tinstall | Tcheck | Ttotal | Status | Flags |
---|---|---|---|---|---|---|
r-devel-linux-x86_64-debian-clang | 0.3.7 | 41.76 | 41.40 | 83.16 | NOTE | |
r-devel-linux-x86_64-debian-gcc | 0.3.7 | 33.55 | 37.12 | 70.67 | NOTE | |
r-devel-linux-x86_64-fedora-clang | 0.3.7 | 122.71 | NOTE | |||
r-devel-linux-x86_64-fedora-gcc | 0.3.7 | 123.13 | NOTE | |||
r-prerel-macos-arm64 | 0.3.7 | 31.00 | NOTE | |||
r-prerel-windows-x86_64 | 0.3.7 | 35.00 | 68.00 | 103.00 | NOTE | |
r-patched-linux-x86_64 | 0.3.7 | 41.52 | 43.73 | 85.25 | NOTE | |
r-release-linux-x86_64 | 0.3.7 | 43.41 | 45.07 | 88.48 | OK | |
r-release-macos-arm64 | 0.3.7 | 32.00 | OK | |||
r-release-macos-x86_64 | 0.3.7 | 54.00 | OK | |||
r-release-windows-x86_64 | 0.3.7 | 33.00 | 94.00 | 127.00 | OK | |
r-oldrel-macos-arm64 | 0.3.7 | 33.00 | OK | |||
r-oldrel-windows-x86_64 | 0.3.7 | 40.00 | 77.00 | 117.00 | OK |
Version: 0.3.7
Check: Rd files
Result: NOTE
checkRd: (-1) terms.BTM.Rd:23-25: Lost braces in \itemize; \value handles \item{}{} directly
checkRd: (-1) terms.BTM.Rd:26-32: Lost braces in \itemize; \value handles \item{}{} directly
checkRd: (-1) terms.data.frame.Rd:25-31: Lost braces in \itemize; \value handles \item{}{} directly
checkRd: (-1) terms.data.frame.Rd:32-38: Lost braces in \itemize; \value handles \item{}{} directly
Flavors: r-devel-linux-x86_64-debian-clang, r-devel-linux-x86_64-debian-gcc, r-devel-linux-x86_64-fedora-clang, r-devel-linux-x86_64-fedora-gcc, r-prerel-macos-arm64, r-prerel-windows-x86_64, r-patched-linux-x86_64