Last updated on 2024-07-27 16:49:01 CEST.
Flavor | Version | Tinstall | Tcheck | Ttotal | Status | Flags |
---|---|---|---|---|---|---|
r-devel-linux-x86_64-debian-clang | 0.9.0 | 10.38 | 313.72 | 324.10 | OK | |
r-devel-linux-x86_64-debian-gcc | 0.9.0 | OK | ||||
r-devel-linux-x86_64-fedora-clang | 0.9.0 | 395.94 | OK | |||
r-devel-linux-x86_64-fedora-gcc | 0.9.0 | 387.75 | OK | |||
r-devel-windows-x86_64 | 0.9.0 | 11.00 | 239.00 | 250.00 | OK | |
r-patched-linux-x86_64 | 0.9.0 | OK | ||||
r-release-linux-x86_64 | 0.9.0 | 9.54 | 294.26 | 303.80 | OK | |
r-release-macos-arm64 | 0.9.0 | 57.00 | NOTE | |||
r-release-macos-x86_64 | 0.9.0 | 185.00 | OK | |||
r-release-windows-x86_64 | 0.9.0 | 10.00 | 241.00 | 251.00 | OK | |
r-oldrel-macos-arm64 | 0.9.0 | 62.00 | NOTE | |||
r-oldrel-macos-x86_64 | 0.9.0 | 103.00 | NOTE | |||
r-oldrel-windows-x86_64 | 0.9.0 | 12.00 | 298.00 | 310.00 | OK |
Version: 0.9.0
Check: package dependencies
Result: NOTE
Package suggested but not available for checking: ‘reactome.db’
Flavors: r-release-macos-arm64, r-oldrel-macos-arm64, r-oldrel-macos-x86_64