Last updated on 2025-05-01 06:49:26 CEST.
Flavor | Version | Tinstall | Tcheck | Ttotal | Status | Flags |
---|---|---|---|---|---|---|
r-devel-linux-x86_64-debian-clang | 0.8.0 | 15.73 | 156.46 | 172.19 | NOTE | |
r-devel-linux-x86_64-debian-gcc | 0.8.0 | 11.20 | 105.14 | 116.34 | OK | |
r-devel-linux-x86_64-fedora-clang | 0.8.0 | 268.38 | OK | |||
r-devel-linux-x86_64-fedora-gcc | 0.8.0 | 280.43 | OK | |||
r-devel-windows-x86_64 | 0.8.0 | 16.00 | 157.00 | 173.00 | OK | |
r-patched-linux-x86_64 | 0.8.0 | 16.63 | 147.24 | 163.87 | OK | |
r-release-linux-x86_64 | 0.8.0 | 15.34 | 147.70 | 163.04 | OK | |
r-release-macos-arm64 | 0.8.0 | 63.00 | OK | |||
r-release-macos-x86_64 | 0.8.0 | 121.00 | OK | |||
r-release-windows-x86_64 | 0.8.0 | 21.00 | 159.00 | 180.00 | OK | |
r-oldrel-macos-arm64 | 0.8.0 | 71.00 | OK | |||
r-oldrel-macos-x86_64 | 0.8.0 | 142.00 | OK | |||
r-oldrel-windows-x86_64 | 0.8.0 | 22.00 | 218.00 | 240.00 | OK |
Version: 0.8.0
Check: examples
Result: NOTE
Examples with CPU (user + system) or elapsed time > 5s
user system elapsed
scatterplot 8.191 0.048 11.015
plot.kclustering 7.314 0.044 8.933
kclustering 7.088 0.049 8.549
plot.hclustering 6.914 0.019 8.413
hclustering 6.862 0.040 9.957
shotchart 6.512 0.036 9.021
Flavor: r-devel-linux-x86_64-debian-clang
Version: 0.8.0
Check: examples
Result: NA
user system elapsed
scatterplot 5.096 0.013 6.216
plot.kclustering 4.721 0.011 5.460
shotchart 4.341 0.012 5.737
plot.hclustering 4.285 0.005 5.890
kclustering 4.245 0.000 5.511
OK
Flavor: r-devel-linux-x86_64-debian-gcc