Last updated on 2025-04-29 10:50:28 CEST.
Flavor | Version | Tinstall | Tcheck | Ttotal | Status | Flags |
---|---|---|---|---|---|---|
r-devel-linux-x86_64-debian-clang | 2.0.0 | 44.72 | 77.66 | 122.38 | NOTE | |
r-devel-linux-x86_64-debian-gcc | 2.0.0 | 33.30 | 55.69 | 88.99 | OK | |
r-devel-linux-x86_64-fedora-clang | 2.1.0 | 304.67 | OK | |||
r-devel-linux-x86_64-fedora-gcc | 2.1.0 | 319.45 | OK | |||
r-devel-windows-x86_64 | 2.1.0 | 44.00 | 182.00 | 226.00 | OK | |
r-patched-linux-x86_64 | 2.0.0 | 47.33 | 72.59 | 119.92 | OK | |
r-release-linux-x86_64 | 2.0.0 | 40.09 | 71.43 | 111.52 | OK | |
r-release-macos-arm64 | 2.1.0 | 69.00 | OK | |||
r-release-macos-x86_64 | 2.1.0 | 111.00 | OK | |||
r-release-windows-x86_64 | 2.0.0 | 49.00 | 124.00 | 173.00 | OK | |
r-oldrel-macos-arm64 | 2.1.0 | 147.00 | NOTE | |||
r-oldrel-macos-x86_64 | 2.1.0 | 126.00 | NOTE | |||
r-oldrel-windows-x86_64 | 2.0.0 | 56.00 | 171.00 | 227.00 | OK |
Version: 2.0.0
Check: examples
Result: NOTE
Examples with CPU (user + system) or elapsed time > 5s
user system elapsed
summary.ClustCpObj 4.541 0.063 6.050
print.ClustCpObj 4.539 0.059 7.086
posterior_estimate.ClustCpObj 4.255 0.140 5.866
Flavor: r-devel-linux-x86_64-debian-clang
Version: 2.1.0
Check: installed package size
Result: NOTE
installed size is 6.8Mb
sub-directories of 1Mb or more:
libs 6.5Mb
Flavors: r-oldrel-macos-arm64, r-oldrel-macos-x86_64