Last updated on 2025-04-30 01:50:12 CEST.
Flavor | Version | Tinstall | Tcheck | Ttotal | Status | Flags |
---|---|---|---|---|---|---|
r-devel-linux-x86_64-debian-clang | 0.2.1 | 4.40 | 245.94 | 250.34 | NOTE | |
r-devel-linux-x86_64-debian-gcc | 0.2.1 | 3.55 | 157.97 | 161.52 | OK | |
r-devel-linux-x86_64-fedora-clang | 0.2.1 | 443.34 | OK | |||
r-devel-linux-x86_64-fedora-gcc | 0.2.1 | 446.51 | OK | |||
r-devel-windows-x86_64 | 0.2.1 | 7.00 | 279.00 | 286.00 | OK | |
r-patched-linux-x86_64 | 0.2.1 | 4.70 | 233.13 | 237.83 | OK | |
r-release-linux-x86_64 | 0.2.1 | 4.05 | 234.74 | 238.79 | OK | |
r-release-macos-arm64 | 0.2.1 | 111.00 | OK | |||
r-release-macos-x86_64 | 0.2.1 | 251.00 | OK | |||
r-release-windows-x86_64 | 0.2.1 | 7.00 | 255.00 | 262.00 | OK | |
r-oldrel-macos-arm64 | 0.2.1 | 119.00 | OK | |||
r-oldrel-macos-x86_64 | 0.2.1 | 233.00 | OK | |||
r-oldrel-windows-x86_64 | 0.2.1 | 8.00 | 353.00 | 361.00 | OK |
Version: 0.2.1
Check: examples
Result: NOTE
Examples with CPU (user + system) or elapsed time > 5s
user system elapsed
build_spec_coveff 3.485 0.414 5.929
Flavor: r-devel-linux-x86_64-debian-clang