CRAN Package Check Results for Package BayesGrowth

Last updated on 2025-04-29 10:50:28 CEST.

Flavor Version Tinstall Tcheck Ttotal Status Flags
r-devel-linux-x86_64-debian-clang 1.0.0 298.54 207.14 505.68 OK
r-devel-linux-x86_64-debian-gcc 1.0.0 286.18 168.25 454.43 OK
r-devel-linux-x86_64-fedora-clang 1.0.0 869.05 OK
r-devel-linux-x86_64-fedora-gcc 1.0.0 1073.93 OK
r-devel-windows-x86_64 1.0.0 337.00 222.00 559.00 OK
r-patched-linux-x86_64 1.0.0 388.50 224.95 613.45 OK
r-release-linux-x86_64 1.0.0 366.35 224.22 590.57 OK
r-release-macos-arm64 1.0.0 230.00 OK
r-release-macos-x86_64 1.0.0 342.00 OK
r-release-windows-x86_64 1.0.0 347.00 223.00 570.00 OK
r-oldrel-macos-arm64 1.0.0 115.00 NOTE
r-oldrel-macos-x86_64 1.0.0 149.00 NOTE
r-oldrel-windows-x86_64 1.0.0 385.00 285.00 670.00 NOTE

Check Details

Version: 1.0.0
Check: installed package size
Result: NOTE installed size is 54.2Mb sub-directories of 1Mb or more: libs 52.7Mb Flavors: r-oldrel-macos-arm64, r-oldrel-macos-x86_64

Version: 1.0.0
Check: for GNU extensions in Makefiles
Result: NOTE GNU make is a SystemRequirements. Flavors: r-oldrel-macos-arm64, r-oldrel-macos-x86_64, r-oldrel-windows-x86_64