Last updated on 2025-04-30 00:49:37 CEST.
Flavor | Version | Tinstall | Tcheck | Ttotal | Status | Flags |
---|---|---|---|---|---|---|
r-devel-linux-x86_64-debian-clang | 1.0.3 | 46.18 | 71.22 | 117.40 | NOTE | |
r-devel-linux-x86_64-debian-gcc | 1.0.3 | 33.81 | 47.33 | 81.14 | OK | |
r-devel-linux-x86_64-fedora-clang | 1.0.3 | 200.09 | OK | |||
r-devel-linux-x86_64-fedora-gcc | 1.0.3 | 217.32 | OK | |||
r-devel-windows-x86_64 | 1.0.3 | 53.00 | 107.00 | 160.00 | OK | |
r-patched-linux-x86_64 | 1.0.3 | 48.81 | 65.25 | 114.06 | OK | |
r-release-linux-x86_64 | 1.0.3 | 45.81 | 64.37 | 110.18 | OK | |
r-release-macos-arm64 | 1.0.3 | 51.00 | OK | |||
r-release-macos-x86_64 | 1.0.3 | 292.00 | OK | |||
r-release-windows-x86_64 | 1.0.3 | 55.00 | 104.00 | 159.00 | OK | |
r-oldrel-macos-arm64 | 1.0.3 | 53.00 | OK | |||
r-oldrel-macos-x86_64 | 1.0.3 | 87.00 | OK | |||
r-oldrel-windows-x86_64 | 1.0.3 | 62.00 | 138.00 | 200.00 | OK |
Version: 1.0.3
Check: examples
Result: NOTE
Examples with CPU (user + system) or elapsed time > 5s
user system elapsed
power.phm.random.a0 6.677 0.019 8.875
power.phm.fixed.a0 5.669 0.000 7.810
phm.random.a0 5.637 0.027 8.349
approximate.prior.beta 4.634 0.061 5.439
Flavor: r-devel-linux-x86_64-debian-clang