Last updated on 2025-04-30 01:50:13 CEST.
Flavor | Version | Tinstall | Tcheck | Ttotal | Status | Flags |
---|---|---|---|---|---|---|
r-devel-linux-x86_64-debian-clang | 0.3.2 | 5.69 | 203.30 | 208.99 | OK | |
r-devel-linux-x86_64-debian-gcc | 0.3.2 | 4.86 | 140.56 | 145.42 | OK | |
r-devel-linux-x86_64-fedora-clang | 0.3.2 | 349.82 | NOTE | |||
r-devel-linux-x86_64-fedora-gcc | 0.3.2 | 343.18 | NOTE | |||
r-devel-windows-x86_64 | 0.3.2 | 9.00 | 235.00 | 244.00 | OK | |
r-patched-linux-x86_64 | 0.3.2 | 5.71 | 189.87 | 195.58 | OK | |
r-release-linux-x86_64 | 0.3.2 | 5.36 | 191.23 | 196.59 | OK | |
r-release-macos-arm64 | 0.3.2 | 99.00 | OK | |||
r-release-macos-x86_64 | 0.3.2 | 219.00 | OK | |||
r-release-windows-x86_64 | 0.3.2 | 10.00 | 238.00 | 248.00 | OK | |
r-oldrel-macos-arm64 | 0.3.2 | 92.00 | OK | |||
r-oldrel-macos-x86_64 | 0.3.2 | 136.00 | OK | |||
r-oldrel-windows-x86_64 | 0.3.2 | 10.00 | 298.00 | 308.00 | OK |
Version: 0.3.2
Check: dependencies in R code
Result: NOTE
Namespaces in Imports field not imported from:
‘HDInterval’ ‘MCMCpack’ ‘R2WinBUGS’ ‘R2jags’ ‘carData’ ‘rjags’
All declared Imports should be used.
Flavors: r-devel-linux-x86_64-fedora-clang, r-devel-linux-x86_64-fedora-gcc