Last updated on 2025-04-30 13:54:09 CEST.
Flavor | Version | Tinstall | Tcheck | Ttotal | Status | Flags |
---|---|---|---|---|---|---|
r-devel-linux-x86_64-debian-clang | 1.1.0 | 3.26 | 403.14 | 406.40 | NOTE | |
r-devel-linux-x86_64-debian-gcc | 1.1.0 | 2.47 | 265.25 | 267.72 | NOTE | |
r-devel-linux-x86_64-fedora-clang | 1.1.0 | 652.17 | OK | |||
r-devel-linux-x86_64-fedora-gcc | 1.1.0 | 654.36 | OK | |||
r-devel-windows-x86_64 | 1.1.0 | 5.00 | 403.00 | 408.00 | OK | |
r-patched-linux-x86_64 | 1.1.0 | 3.56 | 391.69 | 395.25 | OK | |
r-release-linux-x86_64 | 1.1.0 | 2.98 | 389.79 | 392.77 | OK | |
r-release-macos-arm64 | 1.1.0 | 189.00 | OK | |||
r-release-macos-x86_64 | 1.1.0 | 280.00 | OK | |||
r-release-windows-x86_64 | 1.1.0 | 5.00 | 390.00 | 395.00 | OK | |
r-oldrel-macos-arm64 | 1.1.0 | 162.00 | OK | |||
r-oldrel-macos-x86_64 | 1.1.0 | 268.00 | OK | |||
r-oldrel-windows-x86_64 | 1.1.0 | 6.00 | 566.00 | 572.00 | OK |
Version: 1.1.0
Check: examples
Result: NOTE
Examples with CPU (user + system) or elapsed time > 5s
user system elapsed
assessDesign 9.672 0.231 14.251
plot.modelFits 4.124 0.126 6.134
Flavor: r-devel-linux-x86_64-debian-clang
Version: 1.1.0
Check: examples
Result: NOTE
Examples with CPU (user + system) or elapsed time > 5s
user system elapsed
assessDesign 6.489 0.28 8.511
Flavor: r-devel-linux-x86_64-debian-gcc