Last updated on 2024-03-29 00:50:43 CET.
Flavor | Version | Tinstall | Tcheck | Ttotal | Status | Flags |
---|---|---|---|---|---|---|
r-devel-linux-x86_64-debian-clang | 1.0.1 | 16.36 | 176.74 | 193.10 | NOTE | |
r-devel-linux-x86_64-debian-gcc | 1.0.1 | 12.45 | 129.17 | 141.62 | NOTE | |
r-devel-linux-x86_64-fedora-clang | 1.0.1 | 242.06 | NOTE | |||
r-devel-linux-x86_64-fedora-gcc | 1.0.1 | 252.84 | NOTE | |||
r-devel-windows-x86_64 | 1.0.1 | 16.00 | 154.00 | 170.00 | NOTE | |
r-patched-linux-x86_64 | 1.0.1 | 14.60 | 167.32 | 181.92 | NOTE | |
r-release-linux-x86_64 | 1.0.1 | 14.78 | 175.16 | 189.94 | OK | |
r-release-macos-arm64 | 1.0.1 | 84.00 | OK | |||
r-release-macos-x86_64 | 1.0.1 | 141.00 | OK | |||
r-release-windows-x86_64 | 1.0.1 | 21.00 | 188.00 | 209.00 | OK | |
r-oldrel-macos-arm64 | 1.0.1 | 67.00 | OK | |||
r-oldrel-windows-x86_64 | 1.0.1 | 22.00 | 210.00 | 232.00 | OK |
Version: 1.0.1
Check: Rd files
Result: NOTE
checkRd: (-1) bma.bx.cy.Rd:69: Lost braces
69 | the initial values for parameters in models. For example, inits<-function(){list(alpha=0,beta=0,c=0,var1=0.5,r=1,lamda=0.01)}.
| ^
Flavors: r-devel-linux-x86_64-debian-clang, r-devel-linux-x86_64-debian-gcc, r-devel-linux-x86_64-fedora-clang, r-devel-linux-x86_64-fedora-gcc, r-devel-windows-x86_64, r-patched-linux-x86_64