Last updated on 2024-08-31 22:49:34 CEST.
Flavor | Version | Tinstall | Tcheck | Ttotal | Status | Flags |
---|---|---|---|---|---|---|
r-devel-linux-x86_64-debian-clang | 1.1.5 | 201.91 | 129.72 | 331.63 | OK | |
r-devel-linux-x86_64-debian-gcc | 1.1.5 | 166.92 | 102.44 | 269.36 | OK | |
r-devel-linux-x86_64-fedora-clang | 1.1.5 | 488.53 | NOTE | |||
r-devel-linux-x86_64-fedora-gcc | 1.1.5 | 616.50 | NOTE | |||
r-devel-windows-x86_64 | 1.1.5 | 175.00 | 169.00 | 344.00 | OK | |
r-patched-linux-x86_64 | 1.1.5 | 211.81 | 135.55 | 347.36 | OK | |
r-release-linux-x86_64 | 1.1.5 | 207.28 | 135.85 | 343.13 | OK | |
r-release-macos-arm64 | 1.1.5 | 133.00 | NOTE | |||
r-release-macos-x86_64 | 1.1.5 | 270.00 | NOTE | |||
r-release-windows-x86_64 | 1.1.5 | 171.00 | 177.00 | 348.00 | OK | |
r-oldrel-macos-arm64 | 1.1.5 | 125.00 | NOTE | |||
r-oldrel-macos-x86_64 | 1.1.5 | 230.00 | NOTE | |||
r-oldrel-windows-x86_64 | 1.1.5 | 240.00 | 198.00 | 438.00 | OK |
Version: 1.1.5
Check: for GNU extensions in Makefiles
Result: NOTE
GNU make is a SystemRequirements.
Flavors: r-devel-linux-x86_64-fedora-clang, r-devel-linux-x86_64-fedora-gcc, r-release-macos-arm64, r-release-macos-x86_64, r-oldrel-macos-arm64, r-oldrel-macos-x86_64
Version: 1.1.5
Check: installed package size
Result: NOTE
installed size is 62.8Mb
sub-directories of 1Mb or more:
libs 62.2Mb
Flavors: r-release-macos-arm64, r-release-macos-x86_64, r-oldrel-macos-arm64, r-oldrel-macos-x86_64