Last updated on 2025-02-04 16:49:07 CET.
Flavor | Version | Tinstall | Tcheck | Ttotal | Status | Flags |
---|---|---|---|---|---|---|
r-devel-linux-x86_64-debian-clang | 2.17-1.1 | 63.71 | 291.66 | 355.37 | OK | |
r-devel-linux-x86_64-debian-gcc | 2.17-1.1 | 43.51 | 206.57 | 250.08 | OK | |
r-devel-linux-x86_64-fedora-clang | 2.17-1.1 | 635.37 | OK | |||
r-devel-linux-x86_64-fedora-gcc | 2.17-1.1 | 579.36 | OK | |||
r-devel-windows-x86_64 | 2.17-1.1 | 47.00 | 247.00 | 294.00 | OK | |
r-patched-linux-x86_64 | 2.17-1.1 | 61.70 | 270.85 | 332.55 | OK | |
r-release-linux-x86_64 | 2.17-1.1 | 55.42 | 273.80 | 329.22 | OK | |
r-release-macos-arm64 | 2.17-1.1 | 276.00 | OK | |||
r-release-macos-x86_64 | 2.17-1.1 | 308.00 | OK | |||
r-release-windows-x86_64 | 2.17-1.1 | 50.00 | 249.00 | 299.00 | OK | |
r-oldrel-macos-arm64 | 2.17-1 | 119.00 | OK | |||
r-oldrel-macos-x86_64 | 2.17-1 | 14.00 | ERROR | |||
r-oldrel-windows-x86_64 | 2.17-1.1 | 64.00 | 306.00 | 370.00 | OK |
Version: 2.17-1
Check: whether package can be installed
Result: ERROR
Installation failed.
Flavor: r-oldrel-macos-x86_64