Last updated on 2023-12-04 12:00:26 CET.
Flavor | Version | Tinstall | Tcheck | Ttotal | Status | Flags |
---|---|---|---|---|---|---|
r-devel-linux-x86_64-debian-clang | 3.0.8 | 15.11 | 123.95 | 139.06 | NOTE | |
r-devel-linux-x86_64-debian-gcc | 3.0.8 | 13.34 | 93.57 | 106.91 | NOTE | |
r-devel-linux-x86_64-fedora-clang | 3.0.8 | 174.18 | NOTE | |||
r-devel-linux-x86_64-fedora-gcc | 3.0.8 | 172.45 | NOTE | |||
r-devel-windows-x86_64 | 3.0.8 | 13.00 | 100.00 | 113.00 | NOTE | |
r-patched-linux-x86_64 | 3.0.8 | 15.93 | 124.52 | 140.45 | NOTE | |
r-release-linux-x86_64 | 3.0.8 | 14.39 | 122.46 | 136.85 | NOTE | |
r-release-macos-arm64 | 3.0.8 | 56.00 | NOTE | |||
r-release-macos-x86_64 | 3.0.8 | 101.00 | NOTE | |||
r-release-windows-x86_64 | 3.0.8 | 19.00 | 118.00 | 137.00 | NOTE | |
r-oldrel-macos-arm64 | 3.0.8 | 78.00 | NOTE | |||
r-oldrel-macos-x86_64 | 3.0.8 | 154.00 | NOTE | |||
r-oldrel-windows-x86_64 | 3.0.8 | 18.00 | 121.00 | 139.00 | NOTE |
Version: 3.0.8
Check: LazyData
Result: NOTE
'LazyData' is specified without a 'data' directory
Flavors: r-devel-linux-x86_64-debian-clang, r-devel-linux-x86_64-debian-gcc, r-devel-linux-x86_64-fedora-clang, r-devel-linux-x86_64-fedora-gcc, r-devel-windows-x86_64, r-patched-linux-x86_64, r-release-linux-x86_64, r-release-macos-arm64, r-release-macos-x86_64, r-release-windows-x86_64, r-oldrel-macos-arm64, r-oldrel-macos-x86_64, r-oldrel-windows-x86_64