Last updated on 2025-04-30 00:49:38 CEST.
Flavor | Version | Tinstall | Tcheck | Ttotal | Status | Flags |
---|---|---|---|---|---|---|
r-devel-linux-x86_64-debian-clang | 0.2.2 | 68.97 | 812.01 | 880.98 | NOTE | |
r-devel-linux-x86_64-debian-gcc | 0.2.2 | 58.52 | 605.28 | 663.80 | NOTE | |
r-devel-linux-x86_64-fedora-clang | 0.2.2 | 1510.48 | OK | |||
r-devel-linux-x86_64-fedora-gcc | 0.2.2 | 1556.70 | OK | |||
r-devel-windows-x86_64 | 0.2.2 | 87.00 | 751.00 | 838.00 | OK | |
r-patched-linux-x86_64 | 0.2.2 | 62.31 | 787.79 | 850.10 | OK | |
r-release-linux-x86_64 | 0.2.2 | 62.49 | 789.63 | 852.12 | OK | |
r-release-macos-arm64 | 0.2.2 | 266.00 | OK | |||
r-release-macos-x86_64 | 0.2.2 | 455.00 | OK | |||
r-release-windows-x86_64 | 0.2.2 | 94.00 | 756.00 | 850.00 | OK | |
r-oldrel-macos-arm64 | 0.2.2 | 289.00 | NOTE | |||
r-oldrel-macos-x86_64 | 0.2.2 | 466.00 | NOTE | |||
r-oldrel-windows-x86_64 | 0.2.2 | 84.00 | 1011.00 | 1095.00 | OK |
Version: 0.2.2
Check: examples
Result: NOTE
Examples with CPU (user + system) or elapsed time > 5s
user system elapsed
CoUMAP.plot 5.548 0.007 7.733
CoUMAP 4.748 0.027 6.833
Flavor: r-devel-linux-x86_64-debian-clang
Version: 0.2.2
Check: examples
Result: NOTE
Examples with CPU (user + system) or elapsed time > 5s
user system elapsed
CoUMAP.plot 5.043 0.036 6.020
CoUMAP 4.778 0.015 5.237
CAESAR.CTDEP 3.675 0.524 5.192
Flavor: r-devel-linux-x86_64-debian-gcc
Version: 0.2.2
Check: installed package size
Result: NOTE
installed size is 8.4Mb
sub-directories of 1Mb or more:
data 1.4Mb
doc 1.2Mb
libs 5.5Mb
Flavors: r-oldrel-macos-arm64, r-oldrel-macos-x86_64