Last updated on 2023-05-30 20:58:42 CEST.
Flavor | Version | Tinstall | Tcheck | Ttotal | Status | Flags |
---|---|---|---|---|---|---|
r-devel-linux-x86_64-debian-clang | 0.8.0 | 19.72 | 446.86 | 466.58 | OK | |
r-devel-linux-x86_64-debian-gcc | 0.8.0 | 14.31 | 333.78 | 348.09 | OK | |
r-devel-linux-x86_64-fedora-clang | 0.8.1 | 581.11 | NOTE | |||
r-devel-linux-x86_64-fedora-gcc | 0.8.1 | 579.59 | OK | |||
r-devel-windows-x86_64 | 0.8.0 | 16.00 | 338.00 | 354.00 | OK | |
r-patched-linux-x86_64 | 0.8.0 | 18.46 | 423.55 | 442.01 | OK | |
r-release-linux-x86_64 | 0.8.0 | 11.93 | 420.15 | 432.08 | OK | |
r-release-macos-arm64 | 0.8.0 | 197.00 | OK | |||
r-release-macos-x86_64 | 0.7.1 | 290.00 | OK | |||
r-release-windows-x86_64 | 0.8.0 | 22.00 | 426.00 | 448.00 | OK | |
r-oldrel-macos-arm64 | 0.8.0 | 165.00 | OK | |||
r-oldrel-macos-x86_64 | 0.8.0 | 204.00 | OK | |||
r-oldrel-windows-x86_64 | 0.8.0 | 22.00 | 422.00 | 444.00 | OK |
Version: 0.8.1
Check: installed package size
Result: NOTE
installed size is 5.0Mb
sub-directories of 1Mb or more:
doc 2.8Mb
extdata 1.9Mb
Flavor: r-devel-linux-x86_64-fedora-clang