Last updated on 2024-07-27 16:49:02 CEST.
Flavor | Version | Tinstall | Tcheck | Ttotal | Status | Flags |
---|---|---|---|---|---|---|
r-devel-linux-x86_64-debian-clang | 1.0.2 | 20.41 | 867.69 | 888.10 | OK | |
r-devel-linux-x86_64-debian-gcc | 1.0.2 | NOTE | ||||
r-devel-linux-x86_64-fedora-clang | 1.0.2 | 1073.96 | OK | |||
r-devel-linux-x86_64-fedora-gcc | 1.0.2 | 1056.69 | OK | |||
r-devel-windows-x86_64 | 1.0.2 | 19.00 | 638.00 | 657.00 | NOTE | |
r-patched-linux-x86_64 | 1.0.2 | OK | ||||
r-release-linux-x86_64 | 1.0.2 | 12.62 | 840.64 | 853.26 | OK | |
r-release-macos-arm64 | 1.0.2 | 574.00 | OK | |||
r-release-macos-x86_64 | 1.0.2 | 721.00 | OK | |||
r-release-windows-x86_64 | 1.0.2 | 18.00 | 636.00 | 654.00 | OK | |
r-oldrel-macos-arm64 | 1.0.2 | 557.00 | OK | |||
r-oldrel-macos-x86_64 | 1.0.2 | 1070.00 | OK | |||
r-oldrel-windows-x86_64 | 1.0.2 | 24.00 | 804.00 | 828.00 | OK |
Version: 1.0.2
Check: Rd cross-references
Result: NOTE
Found the following Rd file(s) with Rd \link{} targets missing package
anchors:
CreateSpacetimeFolds.Rd: trainControl
bss.Rd: train, trainControl
errorProfiles.Rd: rollapply
ffs.Rd: train, trainControl
global_validation.Rd: train, postResample, confusionMatrix
nndm.Rd: trainControl
Please provide package anchors for all Rd \link{} targets not in the
package itself and the base packages.
Flavors: r-devel-linux-x86_64-debian-gcc, r-devel-windows-x86_64