Last updated on 2025-04-30 00:49:39 CEST.
Flavor | Version | Tinstall | Tcheck | Ttotal | Status | Flags |
---|---|---|---|---|---|---|
r-devel-linux-x86_64-debian-clang | 0.6.3 | 16.88 | 236.29 | 253.17 | NOTE | |
r-devel-linux-x86_64-debian-gcc | 0.6.3 | 10.94 | 168.33 | 179.27 | NOTE | |
r-devel-linux-x86_64-fedora-clang | 0.6.3 | 410.09 | OK | |||
r-devel-linux-x86_64-fedora-gcc | 0.6.3 | 403.59 | OK | |||
r-devel-windows-x86_64 | 0.6.3 | 18.00 | 207.00 | 225.00 | OK | |
r-patched-linux-x86_64 | 0.6.3 | 17.74 | 219.69 | 237.43 | OK | |
r-release-linux-x86_64 | 0.6.3 | 15.45 | 218.25 | 233.70 | OK | |
r-release-macos-arm64 | 0.6.3 | 101.00 | OK | |||
r-release-macos-x86_64 | 0.6.3 | 204.00 | OK | |||
r-release-windows-x86_64 | 0.6.3 | 17.00 | 207.00 | 224.00 | OK | |
r-oldrel-macos-arm64 | 0.6.3 | 111.00 | OK | |||
r-oldrel-macos-x86_64 | 0.6.3 | 239.00 | OK | |||
r-oldrel-windows-x86_64 | 0.6.3 | 23.00 | 272.00 | 295.00 | OK |
Version: 0.6.3
Check: examples
Result: NOTE
Examples with CPU (user + system) or elapsed time > 5s
user system elapsed
newggslopegraph 7.534 0.023 9.383
Flavor: r-devel-linux-x86_64-debian-clang
Version: 0.6.3
Check: examples
Result: NOTE
Examples with CPU (user + system) or elapsed time > 5s
user system elapsed
newggslopegraph 4.492 0.083 5.242
Flavor: r-devel-linux-x86_64-debian-gcc