Last updated on 2024-04-27 16:57:16 CEST.
Flavor | Version | Tinstall | Tcheck | Ttotal | Status | Flags |
---|---|---|---|---|---|---|
r-devel-linux-x86_64-debian-clang | 1.0.0 | 16.18 | 117.37 | 133.55 | NOTE | |
r-devel-linux-x86_64-debian-gcc | 1.0.0 | 9.91 | 84.89 | 94.80 | NOTE | |
r-devel-linux-x86_64-fedora-clang | 1.0.0 | 161.47 | NOTE | |||
r-devel-linux-x86_64-fedora-gcc | 1.0.0 | 168.05 | NOTE | |||
r-devel-windows-x86_64 | 1.0.0 | 11.00 | 104.00 | 115.00 | NOTE | |
r-patched-linux-x86_64 | 1.0.0 | 9.91 | 112.14 | 122.05 | NOTE | |
r-release-linux-x86_64 | 1.0.0 | 14.48 | 111.84 | 126.32 | OK | |
r-release-macos-arm64 | 1.0.0 | 55.00 | NOTE | |||
r-release-windows-x86_64 | 1.0.0 | 12.00 | 104.00 | 116.00 | NOTE | |
r-oldrel-macos-arm64 | 1.0.0 | 55.00 | OK | |||
r-oldrel-macos-x86_64 | 1.0.0 | 129.00 | OK | |||
r-oldrel-windows-x86_64 | 1.0.0 | 17.00 | 120.00 | 137.00 | OK |
Version: 1.0.0
Check: Rd files
Result: NOTE
checkRd: (-1) sum_every_n.Rd:15: Lost braces; missing escapes or markup?
15 | \code{sum_every_n} returns a vector of sums of every \code{n}^{th} element of the vector \code{x}.
| ^
checkRd: (-1) sum_every_n1.Rd:15: Lost braces; missing escapes or markup?
15 | \code{sum_every_n1} returns a vector of sums of every \code{n}^{th} element of the vector \code{x}, plus 1.
| ^
Flavors: r-devel-linux-x86_64-debian-clang, r-devel-linux-x86_64-debian-gcc, r-devel-linux-x86_64-fedora-clang, r-devel-linux-x86_64-fedora-gcc, r-devel-windows-x86_64, r-patched-linux-x86_64, r-release-macos-arm64, r-release-windows-x86_64