Last updated on 2024-05-02 13:49:52 CEST.
Flavor | Version | Tinstall | Tcheck | Ttotal | Status | Flags |
---|---|---|---|---|---|---|
r-devel-linux-x86_64-debian-clang | 1.3.4 | 3.64 | 56.47 | 60.11 | NOTE | |
r-devel-linux-x86_64-debian-gcc | 1.3.4 | 2.86 | 42.89 | 45.75 | NOTE | |
r-devel-linux-x86_64-fedora-clang | 1.3.4 | 76.06 | NOTE | |||
r-devel-linux-x86_64-fedora-gcc | 1.3.4 | 73.56 | NOTE | |||
r-devel-windows-x86_64 | 1.3.4 | 5.00 | 84.00 | 89.00 | NOTE | |
r-patched-linux-x86_64 | 1.3.4 | 4.13 | 56.71 | 60.84 | NOTE | |
r-release-linux-x86_64 | 1.3.4 | 2.64 | 56.31 | 58.95 | NOTE | |
r-release-macos-arm64 | 1.3.4 | 29.00 | NOTE | |||
r-release-windows-x86_64 | 1.3.4 | 5.00 | 83.00 | 88.00 | NOTE | |
r-oldrel-macos-arm64 | 1.3.4 | 28.00 | OK | |||
r-oldrel-macos-x86_64 | 1.3.4 | 44.00 | OK | |||
r-oldrel-windows-x86_64 | 1.3.4 | 5.00 | 85.00 | 90.00 | OK |
Version: 1.3.4
Check: Rd files
Result: NOTE
checkRd: (-1) fasttrakg.Rd:18: Lost braces
18 | \item{\code{killip}}{Killip level of cardiac event severity (1-4)age75}{1= Age>75; 0=Age<=75}
| ^
Flavors: r-devel-linux-x86_64-debian-clang, r-devel-linux-x86_64-debian-gcc, r-devel-linux-x86_64-fedora-clang, r-devel-linux-x86_64-fedora-gcc, r-devel-windows-x86_64, r-patched-linux-x86_64, r-release-linux-x86_64, r-release-macos-arm64, r-release-windows-x86_64