Last updated on 2025-02-04 17:49:11 CET.
Flavor | Version | Tinstall | Tcheck | Ttotal | Status | Flags |
---|---|---|---|---|---|---|
r-devel-linux-x86_64-debian-clang | 0.1.0 | 10.03 | 88.09 | 98.12 | OK | |
r-devel-linux-x86_64-debian-gcc | 0.1.0 | 6.83 | 56.92 | 63.75 | OK | |
r-devel-linux-x86_64-fedora-clang | 0.1.0 | 171.67 | OK | |||
r-devel-linux-x86_64-fedora-gcc | 0.1.0 | 151.62 | OK | |||
r-devel-windows-x86_64 | 0.1.0 | 11.00 | 95.00 | 106.00 | OK | |
r-patched-linux-x86_64 | 0.1.0 | 9.08 | 82.06 | 91.14 | NOTE | |
r-release-linux-x86_64 | 0.1.0 | 10.21 | 81.54 | 91.75 | NOTE | |
r-release-macos-arm64 | 0.1.0 | 40.00 | NOTE | |||
r-release-macos-x86_64 | 0.1.0 | 60.00 | NOTE | |||
r-release-windows-x86_64 | 0.1.0 | 11.00 | 94.00 | 105.00 | NOTE | |
r-oldrel-macos-arm64 | 0.1.0 | 31.00 | NOTE | |||
r-oldrel-macos-x86_64 | 0.1.0 | 55.00 | NOTE | |||
r-oldrel-windows-x86_64 | 0.1.0 | 13.00 | 110.00 | 123.00 | NOTE |
Version: 0.1.0
Check: LazyData
Result: NOTE
'LazyData' is specified without a 'data' directory
Flavors: r-patched-linux-x86_64, r-release-linux-x86_64, r-release-macos-arm64, r-release-macos-x86_64, r-release-windows-x86_64, r-oldrel-macos-arm64, r-oldrel-macos-x86_64, r-oldrel-windows-x86_64