Last updated on 2024-08-31 22:49:36 CEST.
Flavor | Version | Tinstall | Tcheck | Ttotal | Status | Flags |
---|---|---|---|---|---|---|
r-devel-linux-x86_64-debian-clang | 0.3.0 | 15.47 | 299.25 | 314.72 | OK | |
r-devel-linux-x86_64-debian-gcc | 0.3.0 | 10.46 | 232.61 | 243.07 | OK | |
r-devel-linux-x86_64-fedora-clang | 0.3.0 | 217.08 | NOTE | |||
r-devel-linux-x86_64-fedora-gcc | 0.3.0 | 209.71 | NOTE | |||
r-devel-windows-x86_64 | 0.3.0 | 14.00 | 321.00 | 335.00 | OK | |
r-patched-linux-x86_64 | 0.3.0 | 14.83 | 304.77 | 319.60 | OK | |
r-release-linux-x86_64 | 0.3.0 | 13.20 | 305.63 | 318.83 | OK | |
r-release-macos-arm64 | 0.3.0 | 171.00 | OK | |||
r-release-macos-x86_64 | 0.3.0 | 247.00 | OK | |||
r-release-windows-x86_64 | 0.3.0 | 17.00 | 323.00 | 340.00 | OK | |
r-oldrel-macos-arm64 | 0.3.0 | 115.00 | NOTE | |||
r-oldrel-macos-x86_64 | 0.3.0 | 229.00 | NOTE | |||
r-oldrel-windows-x86_64 | 0.3.0 | 21.00 | 380.00 | 401.00 | OK |
Version: 0.3.0
Check: package dependencies
Result: NOTE
Packages suggested but not available for checking: 'conos', 'pagoda2'
Flavors: r-devel-linux-x86_64-fedora-clang, r-devel-linux-x86_64-fedora-gcc
Version: 0.3.0
Check: package dependencies
Result: NOTE
Package suggested but not available for checking: ‘rhdf5’
Flavors: r-oldrel-macos-arm64, r-oldrel-macos-x86_64