Last updated on 2024-03-28 23:01:42 CET.
Flavor | Version | Tinstall | Tcheck | Ttotal | Status | Flags |
---|---|---|---|---|---|---|
r-devel-linux-x86_64-debian-clang | 0.3.0 | 17.52 | 373.00 | 390.52 | OK | |
r-devel-linux-x86_64-debian-gcc | 0.3.0 | 13.55 | 305.81 | 319.36 | OK | |
r-devel-linux-x86_64-fedora-clang | 0.3.0 | 236.89 | NOTE | |||
r-devel-linux-x86_64-fedora-gcc | 0.3.0 | 212.93 | NOTE | |||
r-devel-windows-x86_64 | 0.3.0 | 15.00 | 318.00 | 333.00 | OK | |
r-patched-linux-x86_64 | 0.3.0 | 17.51 | 386.82 | 404.33 | OK | |
r-release-linux-x86_64 | 0.3.0 | 17.14 | 395.39 | 412.53 | OK | |
r-release-macos-arm64 | 0.3.0 | 115.00 | NOTE | |||
r-release-macos-x86_64 | 0.3.0 | 229.00 | NOTE | |||
r-release-windows-x86_64 | 0.3.0 | 22.00 | 372.00 | 394.00 | OK | |
r-oldrel-macos-arm64 | 0.3.0 | 133.00 | OK | |||
r-oldrel-windows-x86_64 | 0.3.0 | 22.00 | 371.00 | 393.00 | OK |
Version: 0.3.0
Check: package dependencies
Result: NOTE
Packages suggested but not available for checking: 'conos', 'pagoda2'
Flavors: r-devel-linux-x86_64-fedora-clang, r-devel-linux-x86_64-fedora-gcc
Version: 0.3.0
Check: package dependencies
Result: NOTE
Package suggested but not available for checking: ‘rhdf5’
Flavors: r-release-macos-arm64, r-release-macos-x86_64