Last updated on 2024-08-31 22:49:36 CEST.
Flavor | Version | Tinstall | Tcheck | Ttotal | Status | Flags |
---|---|---|---|---|---|---|
r-devel-linux-x86_64-debian-clang | 5.2.0 | 44.10 | 217.69 | 261.79 | OK | |
r-devel-linux-x86_64-debian-gcc | 5.2.0 | 31.28 | 139.66 | 170.94 | OK | |
r-devel-linux-x86_64-fedora-clang | 5.2.0 | 422.88 | NOTE | |||
r-devel-linux-x86_64-fedora-gcc | 5.2.0 | 422.37 | OK | |||
r-devel-windows-x86_64 | 5.2.0 | 54.00 | 207.00 | 261.00 | OK | |
r-patched-linux-x86_64 | 5.2.0 | 44.34 | 199.10 | 243.44 | OK | |
r-release-linux-x86_64 | 5.2.0 | 43.62 | 199.58 | 243.20 | OK | |
r-release-macos-arm64 | 5.2.0 | 110.00 | OK | |||
r-release-macos-x86_64 | 5.2.0 | 166.00 | OK | |||
r-release-windows-x86_64 | 5.2.0 | 53.00 | 204.00 | 257.00 | OK | |
r-oldrel-macos-arm64 | 5.2.0 | 119.00 | OK | |||
r-oldrel-macos-x86_64 | 5.2.0 | 240.00 | OK | |||
r-oldrel-windows-x86_64 | 5.2.0 | 67.00 | 270.00 | 337.00 | OK |
Version: 5.2.0
Check: installed package size
Result: NOTE
installed size is 6.6Mb
sub-directories of 1Mb or more:
data 1.9Mb
doc 1.6Mb
libs 2.2Mb
Flavor: r-devel-linux-x86_64-fedora-clang