Last updated on 2024-07-27 16:49:04 CEST.
Flavor | Version | Tinstall | Tcheck | Ttotal | Status | Flags |
---|---|---|---|---|---|---|
r-devel-linux-x86_64-debian-clang | 1.0-14 | 165.25 | 386.85 | 552.10 | NOTE | |
r-devel-linux-x86_64-debian-gcc | 1.0-14 | NOTE | ||||
r-devel-linux-x86_64-fedora-clang | 1.0-14 | 751.67 | NOTE | |||
r-devel-linux-x86_64-fedora-gcc | 1.0-14 | 691.40 | NOTE | |||
r-devel-windows-x86_64 | 1.0-14 | 135.00 | 371.00 | 506.00 | NOTE | |
r-patched-linux-x86_64 | 1.0-14 | NOTE | ||||
r-release-linux-x86_64 | 1.0-14 | 135.75 | 365.15 | 500.90 | NOTE | |
r-release-macos-arm64 | 1.0-14 | 180.00 | NOTE | |||
r-release-macos-x86_64 | 1.0-14 | 449.00 | NOTE | |||
r-release-windows-x86_64 | 1.0-14 | 150.00 | 336.00 | 486.00 | NOTE | |
r-oldrel-macos-arm64 | 1.0-14 | 248.00 | NOTE | |||
r-oldrel-macos-x86_64 | 1.0-14 | 380.00 | NOTE | |||
r-oldrel-windows-x86_64 | 1.0-14 | 168.00 | 436.00 | 604.00 | NOTE |
Version: 1.0-14
Check: package dependencies
Result: NOTE
Packages which this enhances but not available for checking:
'gurobi', 'rcbc'
Flavors: r-devel-linux-x86_64-debian-clang, r-devel-linux-x86_64-debian-gcc, r-patched-linux-x86_64, r-release-linux-x86_64
Version: 1.0-14
Check: package dependencies
Result: NOTE
Packages which this enhances but not available for checking:
'Rcplex', 'gurobi', 'rcbc'
Flavors: r-devel-linux-x86_64-fedora-clang, r-devel-linux-x86_64-fedora-gcc, r-devel-windows-x86_64, r-release-macos-arm64, r-release-macos-x86_64, r-release-windows-x86_64, r-oldrel-macos-arm64, r-oldrel-macos-x86_64, r-oldrel-windows-x86_64
Version: 1.0-14
Check: installed package size
Result: NOTE
installed size is 5.7Mb
sub-directories of 1Mb or more:
R 2.8Mb
doc 1.2Mb
Flavors: r-devel-linux-x86_64-fedora-clang, r-devel-windows-x86_64, r-release-macos-arm64, r-release-macos-x86_64, r-release-windows-x86_64, r-oldrel-macos-arm64, r-oldrel-macos-x86_64, r-oldrel-windows-x86_64