Last updated on 2024-04-27 13:49:42 CEST.
Flavor | Version | Tinstall | Tcheck | Ttotal | Status | Flags |
---|---|---|---|---|---|---|
r-devel-linux-x86_64-debian-clang | 2.0.3 | 118.87 | 86.74 | 205.61 | NOTE | |
r-devel-linux-x86_64-debian-gcc | 2.0.3 | 103.85 | 64.01 | 167.86 | NOTE | |
r-devel-linux-x86_64-fedora-clang | 2.0.3 | 293.50 | NOTE | |||
r-devel-linux-x86_64-fedora-gcc | 2.0.3 | 306.32 | NOTE | |||
r-devel-windows-x86_64 | 2.0.3 | 99.00 | 101.00 | 200.00 | NOTE | |
r-patched-linux-x86_64 | 2.0.3 | 129.82 | 83.45 | 213.27 | NOTE | |
r-release-linux-x86_64 | 2.0.3 | 126.61 | 82.66 | 209.27 | NOTE | |
r-release-macos-arm64 | 2.0.3 | 64.00 | NOTE | |||
r-release-windows-x86_64 | 2.0.3 | 98.00 | 98.00 | 196.00 | NOTE | |
r-oldrel-macos-arm64 | 2.0.3 | 77.00 | NOTE | |||
r-oldrel-macos-x86_64 | 2.0.3 | 107.00 | NOTE | |||
r-oldrel-windows-x86_64 | 2.0.3 | 121.00 | 118.00 | 239.00 | NOTE |
Version: 2.0.3
Check: LazyData
Result: NOTE
'LazyData' is specified without a 'data' directory
Flavors: r-devel-linux-x86_64-debian-clang, r-devel-linux-x86_64-debian-gcc, r-devel-linux-x86_64-fedora-clang, r-devel-linux-x86_64-fedora-gcc, r-devel-windows-x86_64, r-patched-linux-x86_64, r-release-linux-x86_64, r-release-macos-arm64, r-release-windows-x86_64, r-oldrel-macos-arm64, r-oldrel-macos-x86_64, r-oldrel-windows-x86_64
Version: 2.0.3
Check: installed package size
Result: NOTE
installed size is 9.9Mb
sub-directories of 1Mb or more:
libs 9.6Mb
Flavors: r-release-macos-arm64, r-oldrel-macos-arm64, r-oldrel-macos-x86_64