Last updated on 2025-02-05 06:50:07 CET.
Flavor | Version | Tinstall | Tcheck | Ttotal | Status | Flags |
---|---|---|---|---|---|---|
r-devel-linux-x86_64-debian-clang | 1.3.0 | 12.21 | 136.43 | 148.64 | NOTE | |
r-devel-linux-x86_64-debian-gcc | 1.3.0 | 8.69 | 92.00 | 100.69 | NOTE | |
r-devel-linux-x86_64-fedora-clang | 1.3.0 | 237.63 | NOTE | |||
r-devel-linux-x86_64-fedora-gcc | 1.3.0 | 233.20 | NOTE | |||
r-devel-windows-x86_64 | 1.3.0 | 13.00 | 147.00 | 160.00 | OK | |
r-patched-linux-x86_64 | 1.3.0 | 11.25 | 125.97 | 137.22 | NOTE | |
r-release-linux-x86_64 | 1.3.0 | 11.76 | 128.09 | 139.85 | NOTE | |
r-release-macos-arm64 | 1.3.0 | 67.00 | OK | |||
r-release-macos-x86_64 | 1.3.0 | 102.00 | OK | |||
r-release-windows-x86_64 | 1.3.0 | 12.00 | 145.00 | 157.00 | OK | |
r-oldrel-macos-arm64 | 1.3.0 | 73.00 | OK | |||
r-oldrel-macos-x86_64 | 1.3.0 | 132.00 | OK | |||
r-oldrel-windows-x86_64 | 1.3.0 | 14.00 | 172.00 | 186.00 | OK |
Version: 1.3.0
Check: for non-standard things in the check directory
Result: NOTE
Found the following files/directories:
‘MDA231_tree.pdf’
Flavors: r-devel-linux-x86_64-debian-clang, r-devel-linux-x86_64-debian-gcc, r-devel-linux-x86_64-fedora-clang, r-devel-linux-x86_64-fedora-gcc, r-patched-linux-x86_64, r-release-linux-x86_64