CRAN Package Check Results for Package ClusterGVis

Last updated on 2025-04-29 09:51:49 CEST.

Flavor Version Tinstall Tcheck Ttotal Status Flags
r-devel-linux-x86_64-debian-clang 0.1.2 32.12 272.60 304.72 NOTE
r-devel-linux-x86_64-debian-gcc 0.1.2 22.44 202.19 224.63 OK
r-devel-linux-x86_64-fedora-clang 0.1.2 517.58 OK
r-devel-linux-x86_64-fedora-gcc 0.1.2 500.47 OK
r-devel-windows-x86_64 0.1.2 32.00 228.00 260.00 OK
r-patched-linux-x86_64 0.1.2 31.78 253.96 285.74 OK
r-release-linux-x86_64 0.1.2 30.14 256.53 286.67 OK
r-release-macos-arm64 0.1.2 5.00 ERROR
r-release-macos-x86_64 0.1.2 6.00 ERROR
r-release-windows-x86_64 0.1.2 35.00 231.00 266.00 OK
r-oldrel-macos-arm64 0.1.2 12.00 ERROR
r-oldrel-macos-x86_64 0.1.2 11.00 ERROR
r-oldrel-windows-x86_64 0.1.2 43.00 302.00 345.00 OK

Check Details

Version: 0.1.2
Check: examples
Result: NOTE Examples with CPU (user + system) or elapsed time > 5s user system elapsed visCluster 4.823 0.150 6.575 clusterData 2.969 0.249 5.449 Flavor: r-devel-linux-x86_64-debian-clang

Version: 0.1.2
Check: package dependencies
Result: ERROR Package required but not available: ‘TCseq’ Package suggested but not available for checking: ‘monocle’ See section ‘The DESCRIPTION file’ in the ‘Writing R Extensions’ manual. Flavors: r-release-macos-arm64, r-release-macos-x86_64, r-oldrel-macos-x86_64

Version: 0.1.2
Check: package dependencies
Result: ERROR Package required but not available: ‘TCseq’ See section ‘The DESCRIPTION file’ in the ‘Writing R Extensions’ manual. Flavor: r-oldrel-macos-arm64