Last updated on 2023-12-09 08:49:39 CET.
Flavor | Version | Tinstall | Tcheck | Ttotal | Status | Flags |
---|---|---|---|---|---|---|
r-devel-linux-x86_64-debian-clang | 0.6.2 | 1.17 | 2.15 | 3.32 | ERROR | |
r-devel-linux-x86_64-debian-gcc | 0.6.2 | 49.17 | 222.94 | 272.11 | OK | |
r-devel-linux-x86_64-fedora-clang | 0.6.2 | 455.20 | NOTE | |||
r-devel-linux-x86_64-fedora-gcc | 0.6.2 | 436.04 | NOTE | |||
r-devel-windows-x86_64 | 0.6.2 | 46.00 | 218.00 | 264.00 | OK | |
r-patched-linux-x86_64 | 0.6.2 | 1.03 | 2.02 | 3.05 | ERROR | |
r-release-linux-x86_64 | 0.6.2 | 1.06 | 2.06 | 3.12 | ERROR | |
r-release-macos-arm64 | 0.6.2 | 115.00 | NOTE | |||
r-release-macos-x86_64 | 0.6.2 | 158.00 | NOTE | |||
r-release-windows-x86_64 | 0.6.2 | 57.00 | 269.00 | 326.00 | OK | |
r-oldrel-macos-arm64 | 0.6.2 | 84.00 | NOTE | |||
r-oldrel-macos-x86_64 | 0.6.2 | 147.00 | NOTE | |||
r-oldrel-windows-x86_64 | 0.6.2 | 60.00 | 287.00 | 347.00 | OK |
Version: 0.6.2
Check: package dependencies
Result: ERROR
Package required but not available: ‘ctsem’
See section ‘The DESCRIPTION file’ in the ‘Writing R Extensions’
manual.
Flavors: r-devel-linux-x86_64-debian-clang, r-patched-linux-x86_64, r-release-linux-x86_64
Version: 0.6.2
Check: data for non-ASCII characters
Result: NOTE
Note: found 59 marked UTF-8 strings
Flavors: r-devel-linux-x86_64-fedora-clang, r-devel-linux-x86_64-fedora-gcc, r-oldrel-macos-arm64, r-oldrel-macos-x86_64
Version: 0.6.2
Check: installed package size
Result: NOTE
installed size is 5.8Mb
sub-directories of 1Mb or more:
data 4.4Mb
Flavors: r-release-macos-arm64, r-release-macos-x86_64, r-oldrel-macos-arm64