Last updated on 2025-04-29 16:52:29 CEST.
Flavor | Version | Tinstall | Tcheck | Ttotal | Status | Flags |
---|---|---|---|---|---|---|
r-devel-linux-x86_64-debian-clang | 1.0.6 | 17.83 | 292.31 | 310.14 | NOTE | |
r-devel-linux-x86_64-debian-gcc | 1.0.6 | 13.35 | 210.12 | 223.47 | OK | |
r-devel-linux-x86_64-fedora-clang | 1.0.6 | 531.70 | OK | |||
r-devel-linux-x86_64-fedora-gcc | 1.0.6 | 542.03 | OK | |||
r-devel-windows-x86_64 | 1.0.6 | 20.00 | 292.00 | 312.00 | OK | |
r-patched-linux-x86_64 | 1.0.6 | 16.25 | 291.59 | 307.84 | OK | |
r-release-linux-x86_64 | 1.0.6 | 17.59 | 292.23 | 309.82 | OK | |
r-release-macos-arm64 | 1.0.6 | 170.00 | OK | |||
r-release-macos-x86_64 | 1.0.6 | 207.00 | OK | |||
r-release-windows-x86_64 | 1.0.6 | 20.00 | 286.00 | 306.00 | OK | |
r-oldrel-macos-arm64 | 1.0.6 | 179.00 | OK | |||
r-oldrel-macos-x86_64 | 1.0.6 | 195.00 | OK | |||
r-oldrel-windows-x86_64 | 1.0.6 | 24.00 | 385.00 | 409.00 | OK |
Version: 1.0.6
Check: examples
Result: NOTE
Examples with CPU (user + system) or elapsed time > 5s
user system elapsed
visual_prep 3.913 0.552 5.204
Flavor: r-devel-linux-x86_64-debian-clang