Last updated on 2025-04-30 01:50:15 CEST.
Flavor | Version | Tinstall | Tcheck | Ttotal | Status | Flags |
---|---|---|---|---|---|---|
r-devel-linux-x86_64-debian-clang | 1.5.4 | 3.45 | 35.67 | 39.12 | NOTE | |
r-devel-linux-x86_64-debian-gcc | 1.5.4 | 2.41 | 27.10 | 29.51 | NOTE | |
r-devel-linux-x86_64-fedora-clang | 1.5.4 | 59.09 | OK | |||
r-devel-linux-x86_64-fedora-gcc | 1.5.4 | 57.56 | OK | |||
r-devel-windows-x86_64 | 1.5.4 | 5.00 | 56.00 | 61.00 | OK | |
r-patched-linux-x86_64 | 1.5.4 | 2.88 | 32.75 | 35.63 | OK | |
r-release-linux-x86_64 | 1.5.4 | 3.56 | 32.73 | 36.29 | OK | |
r-release-macos-arm64 | 1.5.4 | 29.00 | OK | |||
r-release-macos-x86_64 | 1.5.4 | 54.00 | OK | |||
r-release-windows-x86_64 | 1.5.4 | 5.00 | 56.00 | 61.00 | OK | |
r-oldrel-macos-arm64 | 1.5.4 | 32.00 | OK | |||
r-oldrel-macos-x86_64 | 1.5.4 | 59.00 | OK | |||
r-oldrel-windows-x86_64 | 1.5.4 | 5.00 | 64.00 | 69.00 | OK |
Version: 1.5.4
Check: examples
Result: NOTE
Examples with CPU (user + system) or elapsed time > 5s
user system elapsed
get_var_info 1.125 0.105 6.53
Flavor: r-devel-linux-x86_64-debian-clang
Version: 1.5.4
Check: examples
Result: NOTE
Examples with CPU (user + system) or elapsed time > 5s
user system elapsed
get_var_info 0.73 0.208 6.989
Flavor: r-devel-linux-x86_64-debian-gcc