Last updated on 2025-05-01 09:52:30 CEST.
Flavor | Version | Tinstall | Tcheck | Ttotal | Status | Flags |
---|---|---|---|---|---|---|
r-devel-linux-x86_64-debian-clang | 1.5.0 | 4.86 | 64.41 | 69.27 | NOTE | |
r-devel-linux-x86_64-debian-gcc | 1.5.0 | 3.78 | 41.50 | 45.28 | OK | |
r-devel-linux-x86_64-fedora-clang | 1.5.0 | 110.85 | OK | |||
r-devel-linux-x86_64-fedora-gcc | 1.5.0 | 102.97 | OK | |||
r-devel-windows-x86_64 | 1.5.0 | 7.00 | 76.00 | 83.00 | OK | |
r-patched-linux-x86_64 | 1.5.0 | 4.63 | 58.36 | 62.99 | OK | |
r-release-linux-x86_64 | OK | |||||
r-release-macos-arm64 | 1.5.0 | 31.00 | OK | |||
r-release-macos-x86_64 | 1.5.0 | 69.00 | OK | |||
r-release-windows-x86_64 | 1.5.0 | 7.00 | 77.00 | 84.00 | OK | |
r-oldrel-macos-arm64 | 1.5.0 | 28.00 | OK | |||
r-oldrel-macos-x86_64 | 1.5.0 | 75.00 | OK | |||
r-oldrel-windows-x86_64 | 1.5.0 | 8.00 | 94.00 | 102.00 | OK |
Version: 1.5.0
Check: examples
Result: NOTE
Examples with CPU (user + system) or elapsed time > 5s
user system elapsed
cc_cluster_count 6.998 0.054 9.652
consensus_matrix_data_prtrb 6.734 0.035 9.118
consensus_matrix 6.534 0.060 8.176
consensus_matrix_multiview 5.444 0.012 7.228
Flavor: r-devel-linux-x86_64-debian-clang
Version: 1.5.0
Check: examples
Result: NA
user system elapsed
cc_cluster_count 3.444 0.079 5.784
consensus_matrix 3.329 0.046 5.901
consensus_matrix_data_prtrb 3.245 0.000 5.652
OK
Flavor: r-devel-linux-x86_64-debian-gcc