Last updated on 2025-04-29 10:50:31 CEST.
Flavor | Version | Tinstall | Tcheck | Ttotal | Status | Flags |
---|---|---|---|---|---|---|
r-devel-linux-x86_64-debian-clang | 0.2.0 | 21.10 | 211.05 | 232.15 | NOTE | |
r-devel-linux-x86_64-debian-gcc | 0.2.0 | 14.35 | 156.33 | 170.68 | OK | |
r-devel-linux-x86_64-fedora-clang | 0.2.0 | 365.17 | OK | |||
r-devel-linux-x86_64-fedora-gcc | 0.2.0 | 385.62 | OK | |||
r-devel-windows-x86_64 | 0.2.0 | 19.00 | 176.00 | 195.00 | OK | |
r-patched-linux-x86_64 | 0.2.0 | 17.67 | 214.72 | 232.39 | OK | |
r-release-linux-x86_64 | 0.2.0 | 19.38 | 209.35 | 228.73 | OK | |
r-release-macos-arm64 | 0.2.0 | 89.00 | OK | |||
r-release-macos-x86_64 | 0.2.0 | 173.00 | OK | |||
r-release-windows-x86_64 | 0.2.0 | 18.00 | 175.00 | 193.00 | OK | |
r-oldrel-macos-arm64 | 0.2.0 | 119.00 | OK | |||
r-oldrel-macos-x86_64 | 0.2.0 | 230.00 | OK | |||
r-oldrel-windows-x86_64 | 0.2.0 | 24.00 | 229.00 | 253.00 | OK |
Version: 0.2.0
Check: examples
Result: NOTE
Examples with CPU (user + system) or elapsed time > 5s
user system elapsed
cyt_pca 3.827 0.203 5.219
Flavor: r-devel-linux-x86_64-debian-clang