Last updated on 2024-04-24 07:57:37 CEST.
Flavor | Version | Tinstall | Tcheck | Ttotal | Status | Flags |
---|---|---|---|---|---|---|
r-devel-linux-x86_64-debian-clang | 1.2.2 | 48.21 | 358.25 | 406.46 | NOTE | |
r-devel-linux-x86_64-debian-gcc | 1.2.2 | 40.24 | 251.57 | 291.81 | NOTE | |
r-devel-linux-x86_64-fedora-clang | 1.2.2 | 489.11 | NOTE | |||
r-devel-linux-x86_64-fedora-gcc | 1.2.2 | 462.93 | NOTE | |||
r-prerel-macos-arm64 | 1.2.2 | 104.00 | NOTE | |||
r-prerel-windows-x86_64 | 1.2.2 | 38.00 | 221.00 | 259.00 | NOTE | |
r-patched-linux-x86_64 | 1.2.2 | 47.93 | 327.71 | 375.64 | NOTE | |
r-release-linux-x86_64 | 1.2.2 | 45.20 | 334.91 | 380.11 | OK | |
r-release-macos-arm64 | 1.2.2 | 127.00 | OK | |||
r-release-macos-x86_64 | 1.2.2 | 392.00 | OK | |||
r-release-windows-x86_64 | 1.2.2 | 54.00 | 306.00 | 360.00 | OK | |
r-oldrel-macos-arm64 | 1.2.2 | 118.00 | OK | |||
r-oldrel-windows-x86_64 | 1.2.2 | 54.00 | 288.00 | 342.00 | OK |
Version: 1.2.2
Check: Rd files
Result: NOTE
checkRd: (-1) crs.Rd:34: Lost braces; missing escapes or markup?
34 | system, crs) of DeponsRaster and DeponsTrack objects. For {sp} objects the
| ^
Flavors: r-devel-linux-x86_64-debian-clang, r-devel-linux-x86_64-debian-gcc, r-devel-linux-x86_64-fedora-clang, r-devel-linux-x86_64-fedora-gcc, r-prerel-macos-arm64, r-prerel-windows-x86_64, r-patched-linux-x86_64