Last updated on 2025-04-30 07:55:05 CEST.
Flavor | Version | Tinstall | Tcheck | Ttotal | Status | Flags |
---|---|---|---|---|---|---|
r-devel-linux-x86_64-debian-clang | 2.0.0 | 11.56 | 121.70 | 133.26 | NOTE | |
r-devel-linux-x86_64-debian-gcc | 2.0.0 | 8.37 | 84.42 | 92.79 | OK | |
r-devel-linux-x86_64-fedora-clang | 2.0.0 | 209.65 | OK | |||
r-devel-linux-x86_64-fedora-gcc | 2.0.0 | 183.50 | OK | |||
r-devel-windows-x86_64 | 2.0.0 | 15.00 | 116.00 | 131.00 | OK | |
r-patched-linux-x86_64 | 2.0.0 | 10.73 | 113.60 | 124.33 | OK | |
r-release-linux-x86_64 | 2.0.0 | 10.10 | 113.16 | 123.26 | OK | |
r-release-macos-arm64 | 2.0.0 | 54.00 | OK | |||
r-release-macos-x86_64 | 2.0.0 | 100.00 | OK | |||
r-release-windows-x86_64 | 2.0.0 | 17.00 | 114.00 | 131.00 | OK | |
r-oldrel-macos-arm64 | 2.0.0 | 79.00 | OK | |||
r-oldrel-macos-x86_64 | 2.0.0 | 160.00 | OK | |||
r-oldrel-windows-x86_64 | 2.0.0 | 19.00 | 150.00 | 169.00 | OK |
Version: 2.0.0
Check: examples
Result: NOTE
Examples with CPU (user + system) or elapsed time > 5s
user system elapsed
did_multiplegt 5.850 0.098 8.205
did_multiplegt_old 5.444 0.031 7.423
Flavor: r-devel-linux-x86_64-debian-clang