CRAN Package Check Results for Package DIconvex

Last updated on 2025-02-05 10:48:20 CET.

Flavor Version Tinstall Tcheck Ttotal Status Flags
r-devel-linux-x86_64-debian-clang 1.0.0 1.66 17.45 19.11 NOTE
r-devel-linux-x86_64-debian-gcc 1.0.0 1.43 14.68 16.11 NOTE
r-devel-linux-x86_64-fedora-clang 1.0.0 31.45 NOTE
r-devel-linux-x86_64-fedora-gcc 1.0.0 29.48 NOTE
r-devel-windows-x86_64 1.0.0 3.00 39.00 42.00 NOTE
r-patched-linux-x86_64 1.0.0 1.65 16.59 18.24 NOTE
r-release-linux-x86_64 1.0.0 1.65 16.56 18.21 NOTE
r-release-macos-arm64 1.0.0 14.00 NOTE
r-release-macos-x86_64 1.0.0 22.00 NOTE
r-release-windows-x86_64 1.0.0 3.00 38.00 41.00 NOTE
r-oldrel-macos-arm64 1.0.0 14.00 OK
r-oldrel-macos-x86_64 1.0.0 19.00 OK
r-oldrel-windows-x86_64 1.0.0 4.00 38.00 42.00 OK

Check Details

Version: 1.0.0
Check: Rd files
Result: NOTE checkRd: (-1) DIconvex.Rd:40: Lost braces; missing escapes or markup? 40 | {Paul Schneider <paul.schneider@usi.ch>}{} | ^ Flavors: r-devel-linux-x86_64-debian-clang, r-devel-linux-x86_64-debian-gcc, r-devel-linux-x86_64-fedora-clang, r-devel-linux-x86_64-fedora-gcc, r-devel-windows-x86_64, r-patched-linux-x86_64, r-release-linux-x86_64, r-release-macos-arm64, r-release-macos-x86_64, r-release-windows-x86_64