Last updated on 2025-04-29 15:50:10 CEST.
Flavor | Version | Tinstall | Tcheck | Ttotal | Status | Flags |
---|---|---|---|---|---|---|
r-devel-linux-x86_64-debian-clang | 1.0.1 | 12.75 | 274.16 | 286.91 | NOTE | |
r-devel-linux-x86_64-debian-gcc | 1.0.1 | 9.39 | 177.47 | 186.86 | NOTE | |
r-devel-linux-x86_64-fedora-clang | 1.0.1 | 459.36 | OK | |||
r-devel-linux-x86_64-fedora-gcc | 1.0.1 | 445.26 | OK | |||
r-devel-windows-x86_64 | 1.0.1 | 14.00 | 262.00 | 276.00 | OK | |
r-patched-linux-x86_64 | 1.0.1 | 14.24 | 247.80 | 262.04 | OK | |
r-release-linux-x86_64 | 1.0.1 | 13.08 | 244.59 | 257.67 | OK | |
r-release-macos-arm64 | 1.0.1 | 141.00 | OK | |||
r-release-macos-x86_64 | 1.0.1 | 252.00 | OK | |||
r-release-windows-x86_64 | 1.0.1 | 15.00 | 263.00 | 278.00 | OK | |
r-oldrel-macos-arm64 | 1.0.1 | 128.00 | OK | |||
r-oldrel-macos-x86_64 | 1.0.1 | 200.00 | OK | |||
r-oldrel-windows-x86_64 | 1.0.1 | 19.00 | 351.00 | 370.00 | OK |
Version: 1.0.1
Check: examples
Result: NOTE
Examples with CPU (user + system) or elapsed time > 5s
user system elapsed
conditional_ternary 8.286 0.355 6.528
grouped_ternary 8.272 0.210 6.456
simplex_path 7.185 0.000 9.499
conditional_ternary_plot 6.293 0.205 4.436
model_diagnostics 6.487 0.006 8.305
grouped_ternary_plot 6.282 0.179 4.074
DImodelsVis-package 5.908 0.349 8.537
visualise_effects 6.095 0.009 7.815
simplex_path_data 5.612 0.000 7.305
model_selection 5.335 0.034 6.766
gradient_change_plot 5.234 0.104 7.247
ternary_data 4.028 1.305 5.193
simplex_path_plot 4.932 0.064 5.926
gradient_change 3.959 0.049 5.886
prediction_contributions 3.962 0.004 5.478
Flavor: r-devel-linux-x86_64-debian-clang
Version: 1.0.1
Check: examples
Result: NOTE
Examples with CPU (user + system) or elapsed time > 5s
user system elapsed
conditional_ternary 5.538 0.201 6.068
grouped_ternary 4.713 0.146 5.137
model_diagnostics 3.920 0.029 5.202
visualise_effects 3.688 0.006 5.102
Flavor: r-devel-linux-x86_64-debian-gcc