CRAN Package Check Results for Package DPtree

Last updated on 2024-06-13 09:55:01 CEST.

Flavor Version Tinstall Tcheck Ttotal Status Flags
r-devel-linux-x86_64-debian-clang 1.0.1 2.83 30.01 32.84 NOTE
r-devel-linux-x86_64-debian-gcc 1.0.1 1.78 23.83 25.61 NOTE
r-devel-linux-x86_64-fedora-clang 1.0.1 41.91 NOTE
r-devel-linux-x86_64-fedora-gcc 1.0.1 40.90 NOTE
r-devel-windows-x86_64 1.0.1 3.00 45.00 48.00 NOTE
r-patched-linux-x86_64 1.0.1 2.11 29.89 32.00 NOTE
r-release-linux-x86_64 1.0.1 2.55 29.05 31.60 NOTE
r-release-macos-arm64 1.0.1 18.00 NOTE
r-release-macos-x86_64 1.0.1 24.00 NOTE
r-release-windows-x86_64 1.0.1 3.00 47.00 50.00 NOTE
r-oldrel-macos-arm64 1.0.1 20.00 NOTE
r-oldrel-macos-x86_64 1.0.1 24.00 NOTE
r-oldrel-windows-x86_64 1.0.1 4.00 49.00 53.00 NOTE

Check Details

Version: 1.0.1
Check: LazyData
Result: NOTE 'LazyData' is specified without a 'data' directory Flavors: r-devel-linux-x86_64-debian-clang, r-devel-linux-x86_64-debian-gcc, r-devel-linux-x86_64-fedora-clang, r-devel-linux-x86_64-fedora-gcc, r-devel-windows-x86_64, r-patched-linux-x86_64, r-release-linux-x86_64, r-release-macos-arm64, r-release-macos-x86_64, r-release-windows-x86_64, r-oldrel-macos-arm64, r-oldrel-macos-x86_64, r-oldrel-windows-x86_64

Version: 1.0.1
Check: dependencies in R code
Result: NOTE Namespace in Imports field not imported from: ‘MASS’ All declared Imports should be used. Flavors: r-devel-linux-x86_64-fedora-clang, r-devel-linux-x86_64-fedora-gcc