Last updated on 2024-03-29 07:54:41 CET.
Flavor | Version | Tinstall | Tcheck | Ttotal | Status | Flags |
---|---|---|---|---|---|---|
r-devel-linux-x86_64-debian-clang | 0.2.3 | 6.08 | 55.75 | 61.83 | NOTE | |
r-devel-linux-x86_64-debian-gcc | 0.2.3 | 5.80 | 42.33 | 48.13 | NOTE | |
r-devel-linux-x86_64-fedora-clang | 0.2.3 | 84.46 | NOTE | |||
r-devel-linux-x86_64-fedora-gcc | 0.2.3 | 73.03 | NOTE | |||
r-devel-windows-x86_64 | 0.2.3 | 7.00 | 62.00 | 69.00 | NOTE | |
r-patched-linux-x86_64 | 0.2.3 | 6.17 | 52.62 | 58.79 | NOTE | |
r-release-linux-x86_64 | 0.2.3 | 7.06 | 53.98 | 61.04 | OK | |
r-release-macos-arm64 | 0.2.3 | 28.00 | OK | |||
r-release-macos-x86_64 | 0.2.3 | 46.00 | OK | |||
r-release-windows-x86_64 | 0.2.3 | 11.00 | 69.00 | 80.00 | OK | |
r-oldrel-macos-arm64 | 0.2.3 | 32.00 | OK | |||
r-oldrel-windows-x86_64 | 0.2.3 | 11.00 | 76.00 | 87.00 | OK |
Version: 0.2.3
Check: Rd files
Result: NOTE
checkRd: (-1) module_atemp_pl_server.Rd:19: Lost braces; missing escapes or markup?
19 | expression: input_re = reactive({input})}
| ^
checkRd: (-1) module_completeness_server.Rd:19: Lost braces; missing escapes or markup?
19 | expression: input_re = reactive({input})}
| ^
checkRd: (-1) module_config_server.Rd:19: Lost braces; missing escapes or markup?
19 | expression: input_re = reactive({input})}
| ^
checkRd: (-1) module_dashboard_server.Rd:19: Lost braces; missing escapes or markup?
19 | expression: input_re = reactive({input})}
| ^
checkRd: (-1) module_descriptive_server.Rd:19: Lost braces; missing escapes or markup?
19 | expression: input_re = reactive({input})}
| ^
checkRd: (-1) module_log_server.Rd:19: Lost braces; missing escapes or markup?
19 | expression: input_re = reactive({input})}
| ^
checkRd: (-1) module_mdr_server.Rd:19: Lost braces; missing escapes or markup?
19 | expression: input_re = reactive({input})}
| ^
checkRd: (-1) module_report_server.Rd:19: Lost braces; missing escapes or markup?
19 | expression: input_re = reactive({input})}
| ^
checkRd: (-1) module_uniq_plaus_server.Rd:19: Lost braces; missing escapes or markup?
19 | expression: input_re = reactive({input})}
| ^
Flavors: r-devel-linux-x86_64-debian-clang, r-devel-linux-x86_64-debian-gcc, r-devel-linux-x86_64-fedora-clang, r-devel-linux-x86_64-fedora-gcc, r-devel-windows-x86_64, r-patched-linux-x86_64