Last updated on 2024-07-27 16:49:05 CEST.
Flavor | Version | Tinstall | Tcheck | Ttotal | Status | Flags |
---|---|---|---|---|---|---|
r-devel-linux-x86_64-debian-clang | 3.4 | 133.97 | 336.74 | 470.71 | OK | |
r-devel-linux-x86_64-debian-gcc | 3.4 | NOTE | ||||
r-devel-linux-x86_64-fedora-clang | 3.4 | 710.68 | OK | |||
r-devel-linux-x86_64-fedora-gcc | 3.4 | 629.45 | OK | |||
r-devel-windows-x86_64 | 3.4 | 112.00 | 269.00 | 381.00 | NOTE | |
r-patched-linux-x86_64 | 3.4 | OK | ||||
r-release-linux-x86_64 | 3.4 | 94.47 | 327.08 | 421.55 | OK | |
r-release-macos-arm64 | 3.4 | 152.00 | NOTE | |||
r-release-macos-x86_64 | 3.4 | 216.00 | NOTE | |||
r-release-windows-x86_64 | 3.4 | 129.00 | 245.00 | 374.00 | OK | |
r-oldrel-macos-arm64 | 3.4 | 163.00 | NOTE | |||
r-oldrel-macos-x86_64 | 3.4 | 364.00 | NOTE | |||
r-oldrel-windows-x86_64 | 3.4 | 141.00 | 341.00 | 482.00 | OK |
Version: 3.4
Check: Rd cross-references
Result: NOTE
Found the following Rd file(s) with Rd \link{} targets missing package
anchors:
DR.SC.Rd: Seurat
drscPlot.Rd: DimPlot
readscRNAseq.Rd: ReadMtx
Please provide package anchors for all Rd \link{} targets not in the
package itself and the base packages.
Flavors: r-devel-linux-x86_64-debian-gcc, r-devel-windows-x86_64
Version: 3.4
Check: installed package size
Result: NOTE
installed size is 9.6Mb
sub-directories of 1Mb or more:
data 1.6Mb
libs 7.7Mb
Flavors: r-release-macos-arm64, r-release-macos-x86_64, r-oldrel-macos-arm64, r-oldrel-macos-x86_64