Last updated on 2025-04-30 06:51:15 CEST.
Flavor | Version | Tinstall | Tcheck | Ttotal | Status | Flags |
---|---|---|---|---|---|---|
r-devel-linux-x86_64-debian-clang | 1.0.10 | 6.17 | 201.51 | 207.68 | NOTE | |
r-devel-linux-x86_64-debian-gcc | 1.0.10 | 4.01 | 137.30 | 141.31 | NOTE | |
r-devel-linux-x86_64-fedora-clang | 1.0.10 | 334.95 | OK | |||
r-devel-linux-x86_64-fedora-gcc | 1.0.10 | 333.12 | OK | |||
r-devel-windows-x86_64 | 1.0.10 | 10.00 | 191.00 | 201.00 | NOTE | |
r-patched-linux-x86_64 | 1.0.10 | 6.70 | 194.13 | 200.83 | NOTE | |
r-release-linux-x86_64 | 1.0.10 | 6.30 | 195.82 | 202.12 | NOTE | |
r-release-macos-arm64 | 1.0.10 | 108.00 | OK | |||
r-release-macos-x86_64 | 1.0.10 | 246.00 | OK | |||
r-release-windows-x86_64 | 1.0.10 | 12.00 | 204.00 | 216.00 | NOTE | |
r-oldrel-macos-arm64 | 1.0.10 | 94.00 | OK | |||
r-oldrel-macos-x86_64 | 1.0.10 | 149.00 | OK | |||
r-oldrel-windows-x86_64 | 1.0.10 | 13.00 | 262.00 | 275.00 | OK |
Version: 1.0.10
Check: Rd cross-references
Result: NOTE
Found the following Rd file(s) with Rd \link{} targets missing package
anchors:
declare_estimator.Rd: lm_robust, estimatr, glance
Please provide package anchors for all Rd \link{} targets not in the
package itself and the base packages.
Flavors: r-devel-linux-x86_64-debian-clang, r-devel-linux-x86_64-debian-gcc, r-devel-windows-x86_64, r-patched-linux-x86_64, r-release-linux-x86_64, r-release-windows-x86_64
Version: 1.0.10
Check: examples
Result: NOTE
Examples with CPU (user + system) or elapsed time > 5s
user system elapsed
diagnose_design 12.993 0.149 15.865
compare_diagnoses 4.185 0.098 5.306
Flavor: r-devel-linux-x86_64-debian-clang
Version: 1.0.10
Check: examples
Result: NOTE
Examples with CPU (user + system) or elapsed time > 5s
user system elapsed
diagnose_design 7.74 0.206 9.579
Flavor: r-devel-linux-x86_64-debian-gcc