CRAN Package Check Results for Package DemografixeR

Last updated on 2025-04-30 01:50:16 CEST.

Flavor Version Tinstall Tcheck Ttotal Status Flags
r-devel-linux-x86_64-debian-clang 0.1.1 1.74 26.40 28.14 OK
r-devel-linux-x86_64-debian-gcc 0.1.1 1.43 21.32 22.75 OK
r-devel-linux-x86_64-fedora-clang 0.1.1 44.50 OK
r-devel-linux-x86_64-fedora-gcc 0.1.1 55.85 OK
r-devel-windows-x86_64 0.1.1 3.00 49.00 52.00 OK
r-patched-linux-x86_64 0.1.1 2.11 24.33 26.44 OK
r-release-linux-x86_64 0.1.1 1.96 24.23 26.19 OK
r-release-macos-arm64 0.1.1 34.00 OK
r-release-macos-x86_64 0.1.1 62.00 OK
r-release-windows-x86_64 0.1.1 3.00 50.00 53.00 OK
r-oldrel-macos-arm64 0.1.1 38.00 NOTE
r-oldrel-macos-x86_64 0.1.1 40.00 NOTE
r-oldrel-windows-x86_64 0.1.1 4.00 53.00 57.00 NOTE

Check Details

Version: 0.1.1
Check: LazyData
Result: NOTE 'LazyData' is specified without a 'data' directory Flavors: r-oldrel-macos-arm64, r-oldrel-macos-x86_64, r-oldrel-windows-x86_64