Last updated on 2025-04-30 06:51:15 CEST.
Flavor | Version | Tinstall | Tcheck | Ttotal | Status | Flags |
---|---|---|---|---|---|---|
r-devel-linux-x86_64-debian-clang | 1.1.0 | 11.18 | 123.72 | 134.90 | NOTE | |
r-devel-linux-x86_64-debian-gcc | 1.1.0 | 8.31 | 88.08 | 96.39 | NOTE | |
r-devel-linux-x86_64-fedora-clang | 1.1.0 | 213.95 | OK | |||
r-devel-linux-x86_64-fedora-gcc | 1.1.0 | 217.64 | OK | |||
r-devel-windows-x86_64 | 1.1.0 | 12.00 | 128.00 | 140.00 | OK | |
r-patched-linux-x86_64 | 1.1.0 | 11.58 | 119.11 | 130.69 | OK | |
r-release-linux-x86_64 | 1.1.0 | 10.55 | 119.33 | 129.88 | OK | |
r-release-macos-arm64 | 1.1.0 | 69.00 | OK | |||
r-release-macos-x86_64 | 1.1.0 | 132.00 | OK | |||
r-release-windows-x86_64 | 1.1.0 | 11.00 | 126.00 | 137.00 | OK | |
r-oldrel-macos-arm64 | 1.1.0 | 61.00 | OK | |||
r-oldrel-macos-x86_64 | 1.1.0 | 99.00 | OK | |||
r-oldrel-windows-x86_64 | 1.1.0 | 15.00 | 165.00 | 180.00 | OK |
Version: 1.1.0
Check: examples
Result: NOTE
Examples with CPU (user + system) or elapsed time > 5s
user system elapsed
CompareRulesOnValidation 8.362 0.14 10.409
Flavor: r-devel-linux-x86_64-debian-clang
Version: 1.1.0
Check: examples
Result: NOTE
Examples with CPU (user + system) or elapsed time > 5s
user system elapsed
CompareRulesOnValidation 5.304 0.11 6.142
Flavor: r-devel-linux-x86_64-debian-gcc